{"id":3539,"date":"2021-02-12T21:12:21","date_gmt":"2021-02-12T20:12:21","guid":{"rendered":"http:\/\/mdrncmp.webd.pro\/mdkfortest\/?page_id=3539"},"modified":"2021-04-07T21:01:49","modified_gmt":"2021-04-07T19:01:49","slug":"zajecia-literackie","status":"publish","type":"page","link":"https:\/\/mdkoswiecim.pl\/index.php\/zajecia-literackie\/","title":{"rendered":"Zaj\u0119cia literackie"},"content":{"rendered":"<p>[vc_row][vc_column][vc_column_text]<span style=\"font-family: verdana, geneva, sans-serif;\">Powtarzaj z nami do matury!<\/span><br \/>\n<span style=\"font-family: verdana, geneva, sans-serif;\">Tu znajdziesz notatki, wykresy, fachowe porady, jak wykorzysta\u0107 przedmaturalny czas.<\/span><\/p>\n<p><span style=\"font-family: verdana, geneva, sans-serif;\">Sprawd\u017a si\u0119! Mo\u017cesz napisa\u0107 tekst, kt\u00f3ry zostanie poprawiony zgodnie z kryteriami egzaminacyjnymi i otrzyma\u0107 cenne wskaz\u00f3wki.<\/span><\/p>\n<p><span style=\"font-family: verdana, geneva, sans-serif;\">Prac\u0119 wy\u015blij na adres sekretariat.mdk@powiat.oswiecim.pl, a przeka\u017cemy j\u0105 naszej specjalistce od literatury z uprawnieniami egzaminatora, pani Izabeli Paszko\u00a0?<\/span>[\/vc_column_text][stm_btn_simple btn_link=&#8221;url:http%3A%2F%2Fmdkoswiecim.pl%2Fwp-content%2Fuploads%2F2021%2F02%2Fsystemy-wersyfikacyjne.pdf&#8221; btn_link_text=&#8221;Systemy wersyfikacyjne&#8221;][vc_empty_space height=&#8221;15px&#8221;][stm_btn_simple btn_link=&#8221;url:http%3A%2F%2Fmdkoswiecim.pl%2Fwp-content%2Fuploads%2F2021%2F02%2Fanaliza-porownawcza-Piesn-swietojanska-o-sobotce-i-Sierpien-1-skonwertowany.pdf&#8221; btn_link_text=&#8221;Analiza por\u00f3wnawcza Pie\u015b\u0144 \u015awi\u0119toja\u0144ska o sob\u00f3tce i Sierpie\u0144&#8221;][vc_empty_space height=&#8221;15px&#8221;][stm_btn_simple btn_link=&#8221;url:http%3A%2F%2Fmdkoswiecim.pl%2Fwp-content%2Fuploads%2F2021%2F02%2FLEKTURY-OGWIAZDKOWANE_zagadnienia-skonwertowany.pdf&#8221; btn_link_text=&#8221;Lektury ogwiazdkowane &#8211; zagadnienia&#8221;][vc_empty_space height=&#8221;15px&#8221;][stm_btn_simple btn_link=&#8221;url:http%3A%2F%2Fmdkoswiecim.pl%2Fwp-content%2Fuploads%2F2021%2F02%2FLISTA-FILMOW-skonwertowany.pdf&#8221; btn_link_text=&#8221;Lista film\u00f3w&#8221;][vc_empty_space height=&#8221;15px&#8221;][stm_btn_simple btn_link=&#8221;url:http%3A%2F%2Fmdkoswiecim.pl%2Fwp-content%2Fuploads%2F2021%2F02%2FNAJWAZNIEJSZE-MOTYWY-LITERACKIE-skonwertowany.pdf&#8221; btn_link_text=&#8221;Najwa\u017cniejsze motywy literackie&#8221;][vc_empty_space height=&#8221;15px&#8221;][stm_btn_simple btn_link=&#8221;url:http%3A%2F%2Fmdkoswiecim.pl%2Fwp-content%2Fuploads%2F2021%2F02%2FNasladowanie-rzeczywistosci-czy-jej-kreowanie-skonwertowany.pdf&#8221; btn_link_text=&#8221;Na\u015bladowanie rzeczywisto\u015bci czy jej kreowanie&#8221;][vc_empty_space height=&#8221;15px&#8221;][stm_btn_simple btn_link=&#8221;url:http%3A%2F%2Fmdkoswiecim.pl%2Fwp-content%2Fuploads%2F2021%2F02%2FPOWTORKA-PRZED-MATURA-skonwertowany.pdf&#8221; btn_link_text=&#8221;Powt\u00f3rka przed matur\u0105&#8221;][vc_empty_space height=&#8221;15px&#8221;][stm_btn_simple btn_link=&#8221;url:http%3A%2F%2Fmdkoswiecim.pl%2Fwp-content%2Fuploads%2F2021%2F02%2FSTYLE-FUNKCJONALNE-I-ICH-CECHY-skonwertowany.pdf&#8221; btn_link_text=&#8221;Style funkcjonalne i ich cechy&#8221;][vc_empty_space height=&#8221;15px&#8221;][stm_btn_simple btn_link=&#8221;url:http%3A%2F%2Fmdkoswiecim.pl%2Fwp-content%2Fuploads%2F2021%2F02%2FJEZYK-W-LALCE.pptx&#8221; btn_link_text=&#8221;J\u0119zyk w Lalce&#8221;][vc_empty_space height=&#8221;15px&#8221;][vc_column_text]<span style=\"font-family: verdana, geneva, sans-serif;\">Dzi\u015b przesy\u0142am przyk\u0142adowe wypracowanie w oparciu o Dziad\u00f3w cz. IV (arkusz maturalny znajduje si\u0119 na stronie CKE z roku 2016<\/span><br \/>\n<span style=\"font-family: verdana, geneva, sans-serif;\">Link do strony znajdziecie poni\u017cej:<\/span>[\/vc_column_text][stm_link link=&#8221;url:https%3A%2F%2Fcke.gov.pl%2Fimages%2F_EGZAMIN_MATURALNY_OD_2015%2FArkusze_egzaminacyjne%2F2016%2Fformula_od_2015%2FMPO-P1_1P-162.pdf&#8221; link_text=&#8221;https:\/\/cke.gov.pl\/images\/_EGZAMIN_MATURALNY_OD_2015\/Arkusze_egzaminacyjne\/2016\/formula_od_2015\/MPO-P1_1P-162.pdf&#8221;][vc_empty_space height=&#8221;15px&#8221;][vc_column_text]<strong><span style=\"font-family: verdana, geneva, sans-serif;\">Temat wypracowania:<\/span><\/strong><\/p>\n<p><span style=\"font-family: verdana, geneva, sans-serif;\">Czy warto kocha\u0107, je\u015bli mi\u0142o\u015b\u0107 mo\u017ce by\u0107 \u017ar\u00f3d\u0142em cierpienia? Rozwa\u017c problem i uzasadnij swoje stanowisko, odwo\u0142uj\u0105c si\u0119 do fragmentu Dziad\u00f3w cz. IV Adama Mickiewicza i do innych tekst\u00f3w kultury. Twoja praca powinna liczy\u0107 co najmniej 250 s\u0142\u00f3w.<\/span><\/p>\n<p><span style=\"font-family: verdana, geneva, sans-serif;\">Wypracowanie zawiera opis graficzny argument\u00f3w wraz z przyk\u0142adami, ale nie jest kompletne. Brakuje zako\u0144czenia i odwo\u0142a\u0144 do innych tekst\u00f3w kultury. Mo\u017ce kto\u015b spr\u00f3buje dopisa\u0107 dalsz\u0105 cz\u0119\u015b\u0107. Czekam na Wasze prace. Po weryfikacji ode\u015bl\u0119 je w formie mailowej. \u017bycz\u0119 owocnej lektury.<\/span>[\/vc_column_text][stm_btn_simple btn_link=&#8221;url:http%3A%2F%2Fmdkoswiecim.pl%2Fwp-content%2Fuploads%2F2021%2F02%2Fwypracowanie-Dziady-cz.-IV-skonwertowany.pdf&#8221; btn_link_text=&#8221;Wypracowanie Dziady cz.IV&#8221;][vc_empty_space height=&#8221;15px&#8221;][\/vc_column][\/vc_row]<\/p>\n","protected":false},"excerpt":{"rendered":"<p>[vc_row][vc_column][vc_column_text]Powtarzaj z nami do matury! Tu znajdziesz notatki, wykresy, fachowe porady, jak wykorzysta\u0107 przedmaturalny czas. Sprawd\u017a si\u0119! Mo\u017cesz napisa\u0107 tekst, kt\u00f3ry zostanie poprawiony zgodnie z kryteriami egzaminacyjnymi i otrzyma\u0107 cenne wskaz\u00f3wki. Prac\u0119 wy\u015blij na adres sekretariat.mdk@powiat.oswiecim.pl, a przeka\u017cemy j\u0105 naszej specjalistce od literatury z uprawnieniami egzaminatora, pani Izabeli Paszko\u00a0?[\/vc_column_text][stm_btn_simple btn_link=&#8221;url:http%3A%2F%2Fmdkoswiecim.pl%2Fwp-content%2Fuploads%2F2021%2F02%2Fsystemy-wersyfikacyjne.pdf&#8221; btn_link_text=&#8221;Systemy wersyfikacyjne&#8221;][vc_empty_space height=&#8221;15px&#8221;][stm_btn_simple btn_link=&#8221;url:http%3A%2F%2Fmdkoswiecim.pl%2Fwp-content%2Fuploads%2F2021%2F02%2Fanaliza-porownawcza-Piesn-swietojanska-o-sobotce-i-Sierpien-1-skonwertowany.pdf&#8221; btn_link_text=&#8221;Analiza [&hellip;]<\/p>\n","protected":false},"author":1,"featured_media":0,"parent":0,"menu_order":0,"comment_status":"closed","ping_status":"closed","template":"","meta":{"footnotes":""},"class_list":["post-3539","page","type-page","status-publish","hentry"],"yoast_head":"<!-- This site is optimized with the Yoast SEO plugin v16.1.1 - https:\/\/yoast.com\/wordpress\/plugins\/seo\/ -->\n<title>Zaj\u0119cia literackie - MDK<\/title>\n<link rel=\"canonical\" href=\"https:\/\/mdkoswiecim.pl\/index.php\/zajecia-literackie\/\" \/>\n<meta property=\"og:locale\" content=\"pl_PL\" \/>\n<meta property=\"og:type\" content=\"article\" \/>\n<meta property=\"og:title\" content=\"Zaj\u0119cia literackie - MDK\" \/>\n<meta property=\"og:description\" content=\"[vc_row][vc_column][vc_column_text]Powtarzaj z nami do matury! Tu znajdziesz notatki, wykresy, fachowe porady, jak wykorzysta\u0107 przedmaturalny czas. Sprawd\u017a si\u0119! Mo\u017cesz napisa\u0107 tekst, kt\u00f3ry zostanie poprawiony zgodnie z kryteriami egzaminacyjnymi i otrzyma\u0107 cenne wskaz\u00f3wki. Prac\u0119 wy\u015blij na adres sekretariat.mdk@powiat.oswiecim.pl, a przeka\u017cemy j\u0105 naszej specjalistce od literatury z uprawnieniami egzaminatora, pani Izabeli Paszko\u00a0?[\/vc_column_text][stm_btn_simple btn_link=&#8221;url:http%3A%2F%2Fmdkoswiecim.pl%2Fwp-content%2Fuploads%2F2021%2F02%2Fsystemy-wersyfikacyjne.pdf&#8221; btn_link_text=&#8221;Systemy wersyfikacyjne&#8221;][vc_empty_space height=&#8221;15px&#8221;][stm_btn_simple btn_link=&#8221;url:http%3A%2F%2Fmdkoswiecim.pl%2Fwp-content%2Fuploads%2F2021%2F02%2Fanaliza-porownawcza-Piesn-swietojanska-o-sobotce-i-Sierpien-1-skonwertowany.pdf&#8221; btn_link_text=&#8221;Analiza [&hellip;]\" \/>\n<meta property=\"og:url\" content=\"https:\/\/mdkoswiecim.pl\/index.php\/zajecia-literackie\/\" \/>\n<meta property=\"og:site_name\" content=\"MDK\" \/>\n<meta property=\"article:modified_time\" content=\"2021-04-07T19:01:49+00:00\" \/>\n<meta name=\"twitter:card\" content=\"summary_large_image\" \/>\n<meta name=\"twitter:label1\" content=\"Szacowany czas czytania\">\n\t<meta name=\"twitter:data1\" content=\"3 minuty\">\n<script type=\"application\/ld+json\" class=\"yoast-schema-graph\">{\"@context\":\"https:\/\/schema.org\",\"@graph\":[{\"@type\":\"WebSite\",\"@id\":\"https:\/\/mdkoswiecim.pl\/#website\",\"url\":\"https:\/\/mdkoswiecim.pl\/\",\"name\":\"MDK\",\"description\":\"M\\u0142odzie\\u017cowy Dom Kultury w O\\u015bwi\\u0119cimiu\",\"potentialAction\":[{\"@type\":\"SearchAction\",\"target\":\"https:\/\/mdkoswiecim.pl\/?s={search_term_string}\",\"query-input\":\"required name=search_term_string\"}],\"inLanguage\":\"pl-PL\"},{\"@type\":\"WebPage\",\"@id\":\"https:\/\/mdkoswiecim.pl\/index.php\/zajecia-literackie\/#webpage\",\"url\":\"https:\/\/mdkoswiecim.pl\/index.php\/zajecia-literackie\/\",\"name\":\"Zaj\\u0119cia literackie - MDK\",\"isPartOf\":{\"@id\":\"https:\/\/mdkoswiecim.pl\/#website\"},\"datePublished\":\"2021-02-12T20:12:21+00:00\",\"dateModified\":\"2021-04-07T19:01:49+00:00\",\"breadcrumb\":{\"@id\":\"https:\/\/mdkoswiecim.pl\/index.php\/zajecia-literackie\/#breadcrumb\"},\"inLanguage\":\"pl-PL\",\"potentialAction\":[{\"@type\":\"ReadAction\",\"target\":[\"https:\/\/mdkoswiecim.pl\/index.php\/zajecia-literackie\/\"]}]},{\"@type\":\"BreadcrumbList\",\"@id\":\"https:\/\/mdkoswiecim.pl\/index.php\/zajecia-literackie\/#breadcrumb\",\"itemListElement\":[{\"@type\":\"ListItem\",\"position\":1,\"item\":{\"@type\":\"WebPage\",\"@id\":\"https:\/\/mdkoswiecim.pl\/\",\"url\":\"https:\/\/mdkoswiecim.pl\/\",\"name\":\"Strona g\\u0142\\u00f3wna\"}},{\"@type\":\"ListItem\",\"position\":2,\"item\":{\"@type\":\"WebPage\",\"@id\":\"https:\/\/mdkoswiecim.pl\/index.php\/zajecia-literackie\/\",\"url\":\"https:\/\/mdkoswiecim.pl\/index.php\/zajecia-literackie\/\",\"name\":\"Zaj\\u0119cia literackie\"}}]}]}<\/script>\n<!-- \/ Yoast SEO plugin. -->","_links":{"self":[{"href":"https:\/\/mdkoswiecim.pl\/index.php\/wp-json\/wp\/v2\/pages\/3539","targetHints":{"allow":["GET"]}}],"collection":[{"href":"https:\/\/mdkoswiecim.pl\/index.php\/wp-json\/wp\/v2\/pages"}],"about":[{"href":"https:\/\/mdkoswiecim.pl\/index.php\/wp-json\/wp\/v2\/types\/page"}],"author":[{"embeddable":true,"href":"https:\/\/mdkoswiecim.pl\/index.php\/wp-json\/wp\/v2\/users\/1"}],"replies":[{"embeddable":true,"href":"https:\/\/mdkoswiecim.pl\/index.php\/wp-json\/wp\/v2\/comments?post=3539"}],"version-history":[{"count":6,"href":"https:\/\/mdkoswiecim.pl\/index.php\/wp-json\/wp\/v2\/pages\/3539\/revisions"}],"predecessor-version":[{"id":13653,"href":"https:\/\/mdkoswiecim.pl\/index.php\/wp-json\/wp\/v2\/pages\/3539\/revisions\/13653"}],"wp:attachment":[{"href":"https:\/\/mdkoswiecim.pl\/index.php\/wp-json\/wp\/v2\/media?parent=3539"}],"curies":[{"name":"wp","href":"https:\/\/api.w.org\/{rel}","templated":true}]}}