{"id":3440,"date":"2021-02-11T20:04:14","date_gmt":"2021-02-11T19:04:14","guid":{"rendered":"http:\/\/mdrncmp.webd.pro\/mdkfortest\/?page_id=3440"},"modified":"2025-11-25T13:57:25","modified_gmt":"2025-11-25T12:57:25","slug":"harmonogram-zajec","status":"publish","type":"page","link":"https:\/\/mdkoswiecim.pl\/index.php\/harmonogram-zajec\/","title":{"rendered":"Harmonogram zaj\u0119\u0107"},"content":{"rendered":"<p>[vc_row][vc_column][vc_row_inner][vc_column_inner][vc_column_text]Harmonogram zaj\u0119\u0107 na rok szkolny 2025\/2026 MO\u017bE ULEC ZMIANIE!!!<\/p>\n<p><a href=\"https:\/\/mdkoswiecim.pl\/wp-content\/uploads\/2025\/11\/HARMONOGRAM-ZAJEC-2025-2026-1.pdf\">HARMONOGRAM ZAJ\u0118\u0106 2025-2026<\/a><\/p>\n","protected":false},"excerpt":{"rendered":"<p>[vc_row][vc_column][vc_row_inner][vc_column_inner][vc_column_text]Harmonogram zaj\u0119\u0107 na rok szkolny 2025\/2026 MO\u017bE ULEC ZMIANIE!!! HARMONOGRAM ZAJ\u0118\u0106 2025-2026<\/p>\n","protected":false},"author":1,"featured_media":0,"parent":0,"menu_order":0,"comment_status":"closed","ping_status":"closed","template":"","meta":{"footnotes":""},"class_list":["post-3440","page","type-page","status-publish","hentry"],"yoast_head":"<!-- This site is optimized with the Yoast SEO plugin v16.1.1 - https:\/\/yoast.com\/wordpress\/plugins\/seo\/ -->\n<title>Harmonogram zaj\u0119\u0107 - MDK<\/title>\n<link rel=\"canonical\" href=\"https:\/\/mdkoswiecim.pl\/index.php\/harmonogram-zajec\/\" \/>\n<meta property=\"og:locale\" content=\"pl_PL\" \/>\n<meta property=\"og:type\" content=\"article\" \/>\n<meta property=\"og:title\" content=\"Harmonogram zaj\u0119\u0107 - MDK\" \/>\n<meta property=\"og:description\" content=\"[vc_row][vc_column][vc_row_inner][vc_column_inner][vc_column_text]Harmonogram zaj\u0119\u0107 na rok szkolny 2025\/2026 MO\u017bE ULEC ZMIANIE!!! HARMONOGRAM ZAJ\u0118\u0106 2025-2026\" \/>\n<meta property=\"og:url\" content=\"https:\/\/mdkoswiecim.pl\/index.php\/harmonogram-zajec\/\" \/>\n<meta property=\"og:site_name\" content=\"MDK\" \/>\n<meta property=\"article:modified_time\" content=\"2025-11-25T12:57:25+00:00\" \/>\n<meta name=\"twitter:card\" content=\"summary_large_image\" \/>\n<meta name=\"twitter:label1\" content=\"Szacowany czas czytania\">\n\t<meta name=\"twitter:data1\" content=\"1 minuta\">\n<script type=\"application\/ld+json\" class=\"yoast-schema-graph\">{\"@context\":\"https:\/\/schema.org\",\"@graph\":[{\"@type\":\"WebSite\",\"@id\":\"https:\/\/mdkoswiecim.pl\/#website\",\"url\":\"https:\/\/mdkoswiecim.pl\/\",\"name\":\"MDK\",\"description\":\"M\\u0142odzie\\u017cowy Dom Kultury w O\\u015bwi\\u0119cimiu\",\"potentialAction\":[{\"@type\":\"SearchAction\",\"target\":\"https:\/\/mdkoswiecim.pl\/?s={search_term_string}\",\"query-input\":\"required name=search_term_string\"}],\"inLanguage\":\"pl-PL\"},{\"@type\":\"WebPage\",\"@id\":\"https:\/\/mdkoswiecim.pl\/index.php\/harmonogram-zajec\/#webpage\",\"url\":\"https:\/\/mdkoswiecim.pl\/index.php\/harmonogram-zajec\/\",\"name\":\"Harmonogram zaj\\u0119\\u0107 - MDK\",\"isPartOf\":{\"@id\":\"https:\/\/mdkoswiecim.pl\/#website\"},\"datePublished\":\"2021-02-11T19:04:14+00:00\",\"dateModified\":\"2025-11-25T12:57:25+00:00\",\"breadcrumb\":{\"@id\":\"https:\/\/mdkoswiecim.pl\/index.php\/harmonogram-zajec\/#breadcrumb\"},\"inLanguage\":\"pl-PL\",\"potentialAction\":[{\"@type\":\"ReadAction\",\"target\":[\"https:\/\/mdkoswiecim.pl\/index.php\/harmonogram-zajec\/\"]}]},{\"@type\":\"BreadcrumbList\",\"@id\":\"https:\/\/mdkoswiecim.pl\/index.php\/harmonogram-zajec\/#breadcrumb\",\"itemListElement\":[{\"@type\":\"ListItem\",\"position\":1,\"item\":{\"@type\":\"WebPage\",\"@id\":\"https:\/\/mdkoswiecim.pl\/\",\"url\":\"https:\/\/mdkoswiecim.pl\/\",\"name\":\"Strona g\\u0142\\u00f3wna\"}},{\"@type\":\"ListItem\",\"position\":2,\"item\":{\"@type\":\"WebPage\",\"@id\":\"https:\/\/mdkoswiecim.pl\/index.php\/harmonogram-zajec\/\",\"url\":\"https:\/\/mdkoswiecim.pl\/index.php\/harmonogram-zajec\/\",\"name\":\"Harmonogram zaj\\u0119\\u0107\"}}]}]}<\/script>\n<!-- \/ Yoast SEO plugin. -->","_links":{"self":[{"href":"https:\/\/mdkoswiecim.pl\/index.php\/wp-json\/wp\/v2\/pages\/3440","targetHints":{"allow":["GET"]}}],"collection":[{"href":"https:\/\/mdkoswiecim.pl\/index.php\/wp-json\/wp\/v2\/pages"}],"about":[{"href":"https:\/\/mdkoswiecim.pl\/index.php\/wp-json\/wp\/v2\/types\/page"}],"author":[{"embeddable":true,"href":"https:\/\/mdkoswiecim.pl\/index.php\/wp-json\/wp\/v2\/users\/1"}],"replies":[{"embeddable":true,"href":"https:\/\/mdkoswiecim.pl\/index.php\/wp-json\/wp\/v2\/comments?post=3440"}],"version-history":[{"count":58,"href":"https:\/\/mdkoswiecim.pl\/index.php\/wp-json\/wp\/v2\/pages\/3440\/revisions"}],"predecessor-version":[{"id":26065,"href":"https:\/\/mdkoswiecim.pl\/index.php\/wp-json\/wp\/v2\/pages\/3440\/revisions\/26065"}],"wp:attachment":[{"href":"https:\/\/mdkoswiecim.pl\/index.php\/wp-json\/wp\/v2\/media?parent=3440"}],"curies":[{"name":"wp","href":"https:\/\/api.w.org\/{rel}","templated":true}]}}

Harmonogram zajęć

<p>[vc_row][vc_column][vc_row_inner][vc_column_inner][vc_column_text]Harmonogram zajęć na rok szkolny 2025/2026 MOŻE ULEC ZMIANIE!!!</p>
<p><a href="https://mdkoswiecim.pl/wp-content/uploads/2025/11/HARMONOGRAM-ZAJEC-2025-2026-1.pdf">HARMONOGRAM ZAJĘĆ 2025-2026</a></p>

<p>[vc_row][vc_column][vc_row_inner][vc_column_inner][vc_column_text]Harmonogram zajęć na rok szkolny 2025/2026 MOŻE ULEC ZMIANIE!!! HARMONOGRAM ZAJĘĆ 2025-2026</p>

<!-- This site is optimized with the Yoast SEO plugin v16.1.1 - https://yoast.com/wordpress/plugins/seo/ -->
<title>Harmonogram zajęć - MDK</title>
<link rel="canonical" href="https://mdkoswiecim.pl/index.php/harmonogram-zajec/" />
<meta property="og:locale" content="pl_PL" />
<meta property="og:type" content="article" />
<meta property="og:title" content="Harmonogram zajęć - MDK" />
<meta property="og:description" content="[vc_row][vc_column][vc_row_inner][vc_column_inner][vc_column_text]Harmonogram zajęć na rok szkolny 2025/2026 MOŻE ULEC ZMIANIE!!! HARMONOGRAM ZAJĘĆ 2025-2026" />
<meta property="og:url" content="https://mdkoswiecim.pl/index.php/harmonogram-zajec/" />
<meta property="og:site_name" content="MDK" />
<meta property="article:modified_time" content="2025-11-25T12:57:25+00:00" />
<meta name="twitter:card" content="summary_large_image" />
<meta name="twitter:label1" content="Szacowany czas czytania">
	<meta name="twitter:data1" content="1 minuta">
<script type="application/ld+json" class="yoast-schema-graph">{"@context":"https://schema.org","@graph":[{"@type":"WebSite","@id":"https://mdkoswiecim.pl/#website","url":"https://mdkoswiecim.pl/","name":"MDK","description":"M\u0142odzie\u017cowy Dom Kultury w O\u015bwi\u0119cimiu","potentialAction":[{"@type":"SearchAction","target":"https://mdkoswiecim.pl/?s={search_term_string}","query-input":"required name=search_term_string"}],"inLanguage":"pl-PL"},{"@type":"WebPage","@id":"https://mdkoswiecim.pl/index.php/harmonogram-zajec/#webpage","url":"https://mdkoswiecim.pl/index.php/harmonogram-zajec/","name":"Harmonogram zaj\u0119\u0107 - MDK","isPartOf":{"@id":"https://mdkoswiecim.pl/#website"},"datePublished":"2021-02-11T19:04:14+00:00","dateModified":"2025-11-25T12:57:25+00:00","breadcrumb":{"@id":"https://mdkoswiecim.pl/index.php/harmonogram-zajec/#breadcrumb"},"inLanguage":"pl-PL","potentialAction":[{"@type":"ReadAction","target":["https://mdkoswiecim.pl/index.php/harmonogram-zajec/"]}]},{"@type":"BreadcrumbList","@id":"https://mdkoswiecim.pl/index.php/harmonogram-zajec/#breadcrumb","itemListElement":[{"@type":"ListItem","position":1,"item":{"@type":"WebPage","@id":"https://mdkoswiecim.pl/","url":"https://mdkoswiecim.pl/","name":"Strona g\u0142\u00f3wna"}},{"@type":"ListItem","position":2,"item":{"@type":"WebPage","@id":"https://mdkoswiecim.pl/index.php/harmonogram-zajec/","url":"https://mdkoswiecim.pl/index.php/harmonogram-zajec/","name":"Harmonogram zaj\u0119\u0107"}}]}]}</script>
<!-- / Yoast SEO plugin. -->
