{"id":3130,"date":"2021-02-03T19:11:31","date_gmt":"2021-02-03T18:11:31","guid":{"rendered":"http:\/\/mdrncmp.webd.pro\/mdkfortest\/?page_id=3130"},"modified":"2021-04-07T21:34:08","modified_gmt":"2021-04-07T19:34:08","slug":"procedury-bezpieczenstwa-piwnica-artystyczna","status":"publish","type":"page","link":"https:\/\/mdkoswiecim.pl\/index.php\/covid-19\/procedury-bezpieczenstwa-piwnica-artystyczna\/","title":{"rendered":"Procedury bezpiecze\u0144stwa \u2013 Piwnica Artystyczna"},"content":{"rendered":"<p>[vc_row][vc_column][vc_column_text]<\/p>\n<p style=\"text-align: center;\"><strong>PROCEDURY BEZPIECZE\u0143STWA<\/strong><\/p>\n<p style=\"text-align: center;\"><strong>W PIWNICY ARTYSTYCZNEJ M\u0141ODZIE\u017bOWEGO DOMU\u00a0 KULTURY<\/strong><\/p>\n<p style=\"text-align: center;\"><strong>NA CZAS EPIDEMII COVID-19.<\/strong><\/p>\n<p>&nbsp;<\/p>\n<ol>\n<li>Ustala si\u0119 procedury obowi\u0105zuj\u0105ce w Piwnicy artystycznej M\u0142odzie\u017cowego Domu Kultury (PA MDK) w okresie epidemii COVID-19.<\/li>\n<li>Wszyscy pracownicy, wsp\u00f3\u0142pracownicy oraz osoby korzystaj\u0105ce z oferty PA MDK zobowi\u0105zani s\u0105 do bezwzgl\u0119dnego ich przestrzegania i stosowania.<\/li>\n<li>Ilekro\u0107 w niniejszym dokumencie u\u017cywa si\u0119 okre\u015blenia PA MDK, nale\u017cy\u00a0przez\u00a0to\u00a0rozumie\u0107 Piwnic\u0119 Artystyczn\u0105 M\u0142odzie\u017cowego Domu<\/li>\n<\/ol>\n<p><strong>Zapewnienie bezpiecze\u0144stwa w obiekcie:<\/strong><\/p>\n<ol>\n<li>W pomieszczeniach mog\u0105 przebywa\u0107, poza pracownikami, jedynie: uczestnicy zaj\u0119\u0107 i\u00a0imprez w wyznaczonych godzinach.<\/li>\n<li>W imprezach organizowanych przez PA MDK mog\u0105 bra\u0107 udzia\u0142 wy\u0142\u0105cznie osoby zdrowe, kt\u00f3re z\u0142o\u017c\u0105 pisemne o\u015bwiadczenie o braku oznak zaka\u017cenia i\u00a0nieprzebywaniu w kwarantannie wg za\u0142\u0105czonego wzoru (za\u0142\u0105cznik nr 1). W\u00a0przypadku os\u00f3b niepe\u0142noletnich o\u015bwiadczenie s\u0105 zobowi\u0105zani z\u0142o\u017cy\u0107 rodzice lub opiekunowie prawni (za\u0142\u0105cznik nr 2). Osoba bez o\u015bwiadczenia nie b\u0119dzie mog\u0142a uczestniczy\u0107 w zaj\u0119ciach i\u00a0imprezach.<\/li>\n<li>Wprowadzone zostaj\u0105 limity os\u00f3b przebywaj\u0105cych w poszczeg\u00f3lnych pomieszczeniach, stosownie do wytycznych dotycz\u0105cych zaj\u0119\u0107 edukacyjnych oraz\u00a0organizacji imprez. Za przestrzeganie limit\u00f3w odpowiedzialna jest osoba prowadz\u0105ca zaj\u0119cia lub powo\u0142any koordynator do spraw zdrowia.<\/li>\n<li>Przy wej\u015bciu do budynk\u00f3w PA MDK umieszczone zostaj\u0105 pojemniki z p\u0142ynem dezynfekuj\u0105cym. Osoby wchodz\u0105ce do budynku winny zdezynfekowa\u0107 r\u0119ce. Mile widziane r\u0119kawiczki jednorazowe.<\/li>\n<li>Pojemniki z p\u0142ynem do dezynfekcji r\u0105k umieszczone s\u0105 tak\u017ce dodatkowo w\u00a0wybranych miejscach, odpowiednio do prowadzonych dzia\u0142a\u0144, tak by umo\u017cliwi\u0107 osobom korzystaj\u0105cym z oferty PA MDK cz\u0119st\u0105 dezynfekcj\u0119.<\/li>\n<li>W budynku PA MDK obowi\u0105zuje nakaz stosowania \u015brodk\u00f3w ochrony osobistej, takich jak maseczki lub przy\u0142bice. Osoby nie posiadaj\u0105ce w\/w \u015brodk\u00f3w ochrony nie\u00a0b\u0119d\u0105 mog\u0142y korzysta\u0107 z oferty PA MDK.<\/li>\n<li>Przy wyj\u015bciu z budynku umieszczone s\u0105 pojemniki na zu\u017cyty sprz\u0119t ochrony osobistej.<\/li>\n<li>Pracownicy PA MDK zaanga\u017cowani do obs\u0142ugi klient\u00f3w maj\u0105 obowi\u0105zek u\u017cywa\u0107 \u015brodk\u00f3w ochrony osobistej: przy\u0142bice lub maseczki oraz r\u0119kawiczki jednorazowego u\u017cytku.<\/li>\n<li>W toaletach oraz na sali umieszczone zostaj\u0105 informacje dotycz\u0105ce zasad higieny i\u00a0zalece\u0144 s\u0142u\u017cb sanitarnych.<\/li>\n<li>Osoby przebywaj\u0105ce w PA MDK powinny zachowa\u0107 wzgl\u0119dem siebie odst\u0119p 2 m.<\/li>\n<li>Pracownicy obs\u0142ugi zobowi\u0105zani s\u0105 do szczeg\u00f3lnego utrzymania w czysto\u015bci ci\u0105g\u00f3w komunikacyjnych, dezynfekcji powierzchni dotykowych: por\u0119czy, klamek, w\u0142\u0105cznik\u00f3w i powierzchni p\u0142askich, w tym blat\u00f3w w salach oraz\u00a0bie\u017c\u0105cej dezynfekcji toalet.<\/li>\n<\/ol>\n<p><strong>Zalecenia dla organizacji imprez:<\/strong><\/p>\n<ol>\n<li>Uczestnicy zaj\u0119\u0107 i imprez wpuszczani b\u0119d\u0105 do budynku PA MDK na 30 minut przed zaj\u0119ciami\/imprez\u0105.<\/li>\n<li>Nale\u017cy zachowa\u0107 wymagany przepisami prawa, bezpieczny odst\u0119p mi\u0119dzy uczestnikami zaj\u0119\u0107 oraz imprez, a tak\u017ce przy wej\u015bciu do budynku PA MDK.<\/li>\n<li>Ograniczeniu ulega liczba os\u00f3b uczestnicz\u0105cych w imprezach.<\/li>\n<li>Nale\u017cy zajmowa\u0107 miejsca siedz\u0105ce z zachowaniem zasady naprzemienno\u015bci rz\u0119d\u00f3w oraz odst\u0119pu pomi\u0119dzy widzami Obowi\u0105zek zachowania wolnego miejsca mi\u0119dzy widzami nie dotyczy:<\/li>\n<li>widza, kt\u00f3ry uczestniczy w pokazie z dzieckiem poni\u017cej 13 roku \u017cycia,<\/li>\n<li>widza, kt\u00f3ry uczestniczy w pokazie z osob\u0105 z orzeczeniem o\u00a0niepe\u0142nosprawno\u015bci, osob\u0105 z orzeczeniem o stopniu niepe\u0142nosprawno\u015bci, osob\u0105 z orzeczeniem o potrzebie kszta\u0142cenia specjalnego lub osob\u0105, kt\u00f3ra ze\u00a0wzgl\u0119du na stan zdrowia nie mo\u017ce porusza\u0107 si\u0119 samodzielnie,<\/li>\n<li>os\u00f3b wsp\u00f3lnie zamieszkuj\u0105cych lub pozostaj\u0105cych we wsp\u00f3lnym gospodarstwie domowym.<\/li>\n<li>Przy wej\u015bciu do sali nale\u017cy bezwzgl\u0119dnie zdezynfekowa\u0107 r\u0119ce, a podczas seansu nale\u017cy zakrywa\u0107 usta i nos.<\/li>\n<li>Obowi\u0105zuje ca\u0142kowity zakaz wnoszenia i spo\u017cywania pokarm\u00f3w i napoj\u00f3w.<\/li>\n<li>Zabrania si\u0119 wieszania kurtek na oparciach foteli oraz sk\u0142adania ubra\u0144 i\u00a0torebek na\u00a0wolnych krzes\u0142ach.<\/li>\n<\/ol>\n<p><strong>Zalecenia dla prowadzonych zaj\u0119\u0107:<\/strong><\/p>\n<ol>\n<li>Zaj\u0119cia prowadzone b\u0119d\u0105 w spos\u00f3b minimalizuj\u0105cy bezpo\u015bredni kontakt pomi\u0119dzy uczestnikami.<\/li>\n<li>Przed wej\u015bciem do sali ka\u017cdy uczestnik zaj\u0119\u0107 winien zdezynfekowa\u0107 r\u0119ce p\u0142ynem z pojemnika umieszczonego przy wej\u015bciu do sali.<\/li>\n<li>Uczestnicy wchodz\u0105 do budynku w maseczce. Je\u015bli charakter zaj\u0119\u0107 wyklucza jej u\u017cywanie, to zdejmuje j\u0105 i odpowiednio zabezpiecza w sali.<\/li>\n<li>Nauczyciel przed rozpocz\u0119ciem zaj\u0119\u0107 zobowi\u0105zany jest wyja\u015bni\u0107 uczestnikom zasady bezpiecze\u0144stwa i procedury obecnie obowi\u0105zuj\u0105ce w PA MDK i ustali\u0107 zasady zachowania podczas zaj\u0119\u0107.<\/li>\n<li>Uczestnicy powinni podczas zaj\u0119\u0107 pracowa\u0107 w wydzielonych dla siebie przestrzeniach i zachowywa\u0107 dystans 2 m.<\/li>\n<li>Podczas zaj\u0119\u0107 uczestnicy nie mog\u0105 korzysta\u0107 z rekwizyt\u00f3w i przybor\u00f3w, kt\u00f3rych u\u017cywaj\u0105 tak\u017ce inni uczestnicy. Przekazywanie sobie przybor\u00f3w, narz\u0119dzi i rekwizyt\u00f3w jest mo\u017cliwe w wyj\u0105tkowych przypadkach, za zgod\u0105 instruktora, wy\u0142\u0105cznie po ich wcze\u015bniejszej dezynfekcji dokonanej przez instruktora.<\/li>\n<li>Po ka\u017cdych zaj\u0119ciach u\u017cywane przez uczestnik\u00f3w przedmioty i powierzchnie s\u0105 dezynfekowane.<\/li>\n<\/ol>\n<p>[\/vc_column_text][stm_btn_simple btn_link=&#8221;url:http%3A%2F%2Fmdkoswiecim.pl%2Fwp-content%2Fuploads%2F2021%2F02%2FZalacznik-nr-1-OSWIADCZENIE-PA-MDK-pelnoletni.docx|title:Za%C5%82%C4%85cznik%20nr%201%20-%20O%C5%9Bwiadczenie%20PA%20MDK%20-%20Pe%C5%82noletni&#8221; btn_link_text=&#8221;Za\u0142\u0105cznik nr 1 &#8211; O\u015bwiadczenie PA MDK &#8211; Pe\u0142noletni&#8221;][vc_separator][stm_btn_simple btn_link=&#8221;url:http%3A%2F%2Fmdkoswiecim.pl%2Fwp-content%2Fuploads%2F2021%2F02%2FZalacznik-nr-2-OSWIADCZENIE-PA-MDK-opiekun-niepelnoletniego.docx|title:Za%C5%82%C4%85cznik%20nr%202%20-%20O%C5%9Bwiadczenie%20PA%20MDK%20-%20opiekun%20niepe%C5%82noletniego&#8221; btn_link_text=&#8221;Za\u0142\u0105cznik nr 2 &#8211; O\u015bwiadczenie PA MDK &#8211; opiekun niepe\u0142noletniego&#8221;][vc_separator][stm_btn_simple btn_link=&#8221;url:http%3A%2F%2Fmdkoswiecim.pl%2Fwp-content%2Fuploads%2F2021%2F02%2Fklauzula-RODO-COVID-19.docx|title:Klauzula%20RODO%20-%20COVID-19&#8243; btn_link_text=&#8221;Klauzula RODO &#8211; COVID-19&#8243;][\/vc_column][\/vc_row]<\/p>\n","protected":false},"excerpt":{"rendered":"<p>[vc_row][vc_column][vc_column_text] PROCEDURY BEZPIECZE\u0143STWA W PIWNICY ARTYSTYCZNEJ M\u0141ODZIE\u017bOWEGO DOMU\u00a0 KULTURY NA CZAS EPIDEMII COVID-19. &nbsp; Ustala si\u0119 procedury obowi\u0105zuj\u0105ce w Piwnicy artystycznej M\u0142odzie\u017cowego Domu Kultury (PA MDK) w okresie epidemii COVID-19. Wszyscy pracownicy, wsp\u00f3\u0142pracownicy oraz osoby korzystaj\u0105ce z oferty PA MDK zobowi\u0105zani s\u0105 do bezwzgl\u0119dnego ich przestrzegania i stosowania. Ilekro\u0107 w niniejszym dokumencie u\u017cywa si\u0119 okre\u015blenia [&hellip;]<\/p>\n","protected":false},"author":1,"featured_media":0,"parent":3115,"menu_order":0,"comment_status":"closed","ping_status":"closed","template":"","meta":{"footnotes":""},"class_list":["post-3130","page","type-page","status-publish","hentry"],"yoast_head":"<!-- This site is optimized with the Yoast SEO plugin v16.1.1 - https:\/\/yoast.com\/wordpress\/plugins\/seo\/ -->\n<title>Procedury bezpiecze\u0144stwa \u2013 Piwnica Artystyczna - MDK<\/title>\n<link rel=\"canonical\" href=\"https:\/\/mdkoswiecim.pl\/index.php\/covid-19\/procedury-bezpieczenstwa-piwnica-artystyczna\/\" \/>\n<meta property=\"og:locale\" content=\"pl_PL\" \/>\n<meta property=\"og:type\" content=\"article\" \/>\n<meta property=\"og:title\" content=\"Procedury bezpiecze\u0144stwa \u2013 Piwnica Artystyczna - MDK\" \/>\n<meta property=\"og:description\" content=\"[vc_row][vc_column][vc_column_text] PROCEDURY BEZPIECZE\u0143STWA W PIWNICY ARTYSTYCZNEJ M\u0141ODZIE\u017bOWEGO DOMU\u00a0 KULTURY NA CZAS EPIDEMII COVID-19. &nbsp; Ustala si\u0119 procedury obowi\u0105zuj\u0105ce w Piwnicy artystycznej M\u0142odzie\u017cowego Domu Kultury (PA MDK) w okresie epidemii COVID-19. Wszyscy pracownicy, wsp\u00f3\u0142pracownicy oraz osoby korzystaj\u0105ce z oferty PA MDK zobowi\u0105zani s\u0105 do bezwzgl\u0119dnego ich przestrzegania i stosowania. Ilekro\u0107 w niniejszym dokumencie u\u017cywa si\u0119 okre\u015blenia [&hellip;]\" \/>\n<meta property=\"og:url\" content=\"https:\/\/mdkoswiecim.pl\/index.php\/covid-19\/procedury-bezpieczenstwa-piwnica-artystyczna\/\" \/>\n<meta property=\"og:site_name\" content=\"MDK\" \/>\n<meta property=\"article:modified_time\" content=\"2021-04-07T19:34:08+00:00\" \/>\n<meta name=\"twitter:card\" content=\"summary_large_image\" \/>\n<meta name=\"twitter:label1\" content=\"Szacowany czas czytania\">\n\t<meta name=\"twitter:data1\" content=\"5 minut\">\n<script type=\"application\/ld+json\" class=\"yoast-schema-graph\">{\"@context\":\"https:\/\/schema.org\",\"@graph\":[{\"@type\":\"WebSite\",\"@id\":\"https:\/\/mdkoswiecim.pl\/#website\",\"url\":\"https:\/\/mdkoswiecim.pl\/\",\"name\":\"MDK\",\"description\":\"M\\u0142odzie\\u017cowy Dom Kultury w O\\u015bwi\\u0119cimiu\",\"potentialAction\":[{\"@type\":\"SearchAction\",\"target\":\"https:\/\/mdkoswiecim.pl\/?s={search_term_string}\",\"query-input\":\"required name=search_term_string\"}],\"inLanguage\":\"pl-PL\"},{\"@type\":\"WebPage\",\"@id\":\"https:\/\/mdkoswiecim.pl\/index.php\/covid-19\/procedury-bezpieczenstwa-piwnica-artystyczna\/#webpage\",\"url\":\"https:\/\/mdkoswiecim.pl\/index.php\/covid-19\/procedury-bezpieczenstwa-piwnica-artystyczna\/\",\"name\":\"Procedury bezpiecze\\u0144stwa \\u2013 Piwnica Artystyczna - MDK\",\"isPartOf\":{\"@id\":\"https:\/\/mdkoswiecim.pl\/#website\"},\"datePublished\":\"2021-02-03T18:11:31+00:00\",\"dateModified\":\"2021-04-07T19:34:08+00:00\",\"breadcrumb\":{\"@id\":\"https:\/\/mdkoswiecim.pl\/index.php\/covid-19\/procedury-bezpieczenstwa-piwnica-artystyczna\/#breadcrumb\"},\"inLanguage\":\"pl-PL\",\"potentialAction\":[{\"@type\":\"ReadAction\",\"target\":[\"https:\/\/mdkoswiecim.pl\/index.php\/covid-19\/procedury-bezpieczenstwa-piwnica-artystyczna\/\"]}]},{\"@type\":\"BreadcrumbList\",\"@id\":\"https:\/\/mdkoswiecim.pl\/index.php\/covid-19\/procedury-bezpieczenstwa-piwnica-artystyczna\/#breadcrumb\",\"itemListElement\":[{\"@type\":\"ListItem\",\"position\":1,\"item\":{\"@type\":\"WebPage\",\"@id\":\"https:\/\/mdkoswiecim.pl\/\",\"url\":\"https:\/\/mdkoswiecim.pl\/\",\"name\":\"Strona g\\u0142\\u00f3wna\"}},{\"@type\":\"ListItem\",\"position\":2,\"item\":{\"@type\":\"WebPage\",\"@id\":\"https:\/\/mdkoswiecim.pl\/index.php\/covid-19\/\",\"url\":\"https:\/\/mdkoswiecim.pl\/index.php\/covid-19\/\",\"name\":\"Covid-19\"}},{\"@type\":\"ListItem\",\"position\":3,\"item\":{\"@type\":\"WebPage\",\"@id\":\"https:\/\/mdkoswiecim.pl\/index.php\/covid-19\/procedury-bezpieczenstwa-piwnica-artystyczna\/\",\"url\":\"https:\/\/mdkoswiecim.pl\/index.php\/covid-19\/procedury-bezpieczenstwa-piwnica-artystyczna\/\",\"name\":\"Procedury bezpiecze\\u0144stwa \\u2013 Piwnica Artystyczna\"}}]}]}<\/script>\n<!-- \/ Yoast SEO plugin. -->","_links":{"self":[{"href":"https:\/\/mdkoswiecim.pl\/index.php\/wp-json\/wp\/v2\/pages\/3130","targetHints":{"allow":["GET"]}}],"collection":[{"href":"https:\/\/mdkoswiecim.pl\/index.php\/wp-json\/wp\/v2\/pages"}],"about":[{"href":"https:\/\/mdkoswiecim.pl\/index.php\/wp-json\/wp\/v2\/types\/page"}],"author":[{"embeddable":true,"href":"https:\/\/mdkoswiecim.pl\/index.php\/wp-json\/wp\/v2\/users\/1"}],"replies":[{"embeddable":true,"href":"https:\/\/mdkoswiecim.pl\/index.php\/wp-json\/wp\/v2\/comments?post=3130"}],"version-history":[{"count":3,"href":"https:\/\/mdkoswiecim.pl\/index.php\/wp-json\/wp\/v2\/pages\/3130\/revisions"}],"predecessor-version":[{"id":13663,"href":"https:\/\/mdkoswiecim.pl\/index.php\/wp-json\/wp\/v2\/pages\/3130\/revisions\/13663"}],"up":[{"embeddable":true,"href":"https:\/\/mdkoswiecim.pl\/index.php\/wp-json\/wp\/v2\/pages\/3115"}],"wp:attachment":[{"href":"https:\/\/mdkoswiecim.pl\/index.php\/wp-json\/wp\/v2\/media?parent=3130"}],"curies":[{"name":"wp","href":"https:\/\/api.w.org\/{rel}","templated":true}]}}