{"id":3097,"date":"2021-02-03T18:24:26","date_gmt":"2021-02-03T17:24:26","guid":{"rendered":"http:\/\/mdrncmp.webd.pro\/mdkfortest\/?page_id=3097"},"modified":"2021-02-03T18:24:26","modified_gmt":"2021-02-03T17:24:26","slug":"przetwarzanie-danych-osobowych","status":"publish","type":"page","link":"https:\/\/mdkoswiecim.pl\/index.php\/rodo\/przetwarzanie-danych-osobowych\/","title":{"rendered":"Przetwarzanie Danych Osobowych"},"content":{"rendered":"<p>[vc_row][vc_column][vc_column_text]<\/p>\n<ol>\n<li><strong>Informacja o administratorze danych i inspektorze ochrony danych.<\/strong><\/li>\n<\/ol>\n<p>Administratorem danych osobowych jest M\u0142odzie\u017cowy Dom Kultury w O\u015bwi\u0119cimiu, z\u00a0siedzib\u0105 przy ul. Olszewskiego 1, reprezentowane przez dyrektora MDK.<br \/>\nFormy kontaktu:<\/p>\n<p>1) listownie na adres: M\u0142odzie\u017cowy Dom Kultury w O\u015bwi\u0119cimiu, z siedzib\u0105 przy ul. Olszewskiego 1, 32-600 O\u015bwi\u0119cim;<\/p>\n<p>2) za po\u015brednictwem poczty elektronicznej: sekretariat.mdk@powiat.oswiecim.pl;<\/p>\n<p>3) telefonicznie: \u00a033 842 42 64<\/p>\n<p>Administrator wyznaczy\u0142 Inspektora Ochrony Danych, z kt\u00f3rym mo\u017cna si\u0119 skontaktowa\u0107 poprzez email:\u00a0<em>iod@powiat.oswiecim.pl<\/em>\u00a0lub osobi\u015bcie w pokoju numer 106 w budynku Starostwa Powiatowego w O\u015bwi\u0119cimiu, ul. Wyspia\u0144skiego 10.<\/p>\n<ol start=\"2\">\n<li><strong>Cel przetwarzania danych i podstawa prawna.<\/strong><\/li>\n<\/ol>\n<p>Przetwarzamy dane osobowe w zwi\u0105zku z realizacj\u0105 obowi\u0105zku prawnego ci\u0105\u017c\u0105cego na administratorze, w ramach wykonywania zada\u0144 ustawowych, okre\u015blonych w Ustawie z dnia 14 grudnia 2016 r. Prawo o\u015bwiatowe oraz w aktach wykonawczych.<\/p>\n<ol start=\"3\">\n<li><strong>Okres przechowywania danych.<\/strong><\/li>\n<\/ol>\n<p>B\u0119dziemy przechowywa\u0107 dane osobowe przez okres realizacji zadania, do kt\u00f3rego dane te zosta\u0142y zebrane oraz po jego zako\u0144czeniu przez czas okre\u015blony w aktach prawnych.<\/p>\n<ol start=\"4\">\n<li><strong>Prawa klienta<\/strong><\/li>\n<\/ol>\n<p>W zwi\u0105zku z przetwarzaniem przez nas danych klient ma prawo:<br \/>\n1) dost\u0119pu do swoich danych oraz otrzymania ich kopii;<br \/>\n2) do poprawiania swoich danych;<br \/>\n3) do ograniczenia przetwarzania danych;<br \/>\n4) do wniesienia sprzeciwu wobec przetwarzania danych;<br \/>\n5) do wniesienia skargi do Prezesa Urz\u0119du Ochrony Danych Osobowych w Warszawie.<\/p>\n<ol start=\"5\">\n<li><strong>Informacja o dowolno\u015bci lub obowi\u0105zku podania danych.<\/strong><\/li>\n<\/ol>\n<p>Przetwarzamy dane osobowe, realizuj\u0105c obowi\u0105zek prawny, ci\u0105\u017c\u0105cy na administratorze. Podanie tych danych jest wymogiem ustawowym.[\/vc_column_text][\/vc_column][\/vc_row]<\/p>\n","protected":false},"excerpt":{"rendered":"<p>[vc_row][vc_column][vc_column_text] Informacja o administratorze danych i inspektorze ochrony danych. Administratorem danych osobowych jest M\u0142odzie\u017cowy Dom Kultury w O\u015bwi\u0119cimiu, z\u00a0siedzib\u0105 przy ul. Olszewskiego 1, reprezentowane przez dyrektora MDK. Formy kontaktu: 1) listownie na adres: M\u0142odzie\u017cowy Dom Kultury w O\u015bwi\u0119cimiu, z siedzib\u0105 przy ul. Olszewskiego 1, 32-600 O\u015bwi\u0119cim; 2) za po\u015brednictwem poczty elektronicznej: sekretariat.mdk@powiat.oswiecim.pl; 3) telefonicznie: \u00a033 [&hellip;]<\/p>\n","protected":false},"author":1,"featured_media":0,"parent":3077,"menu_order":0,"comment_status":"closed","ping_status":"closed","template":"","meta":{"footnotes":""},"class_list":["post-3097","page","type-page","status-publish","hentry"],"yoast_head":"<!-- This site is optimized with the Yoast SEO plugin v16.1.1 - https:\/\/yoast.com\/wordpress\/plugins\/seo\/ -->\n<title>Przetwarzanie Danych Osobowych - MDK<\/title>\n<link rel=\"canonical\" href=\"https:\/\/mdkoswiecim.pl\/index.php\/rodo\/przetwarzanie-danych-osobowych\/\" \/>\n<meta property=\"og:locale\" content=\"pl_PL\" \/>\n<meta property=\"og:type\" content=\"article\" \/>\n<meta property=\"og:title\" content=\"Przetwarzanie Danych Osobowych - MDK\" \/>\n<meta property=\"og:description\" content=\"[vc_row][vc_column][vc_column_text] Informacja o administratorze danych i inspektorze ochrony danych. Administratorem danych osobowych jest M\u0142odzie\u017cowy Dom Kultury w O\u015bwi\u0119cimiu, z\u00a0siedzib\u0105 przy ul. Olszewskiego 1, reprezentowane przez dyrektora MDK. Formy kontaktu: 1) listownie na adres: M\u0142odzie\u017cowy Dom Kultury w O\u015bwi\u0119cimiu, z siedzib\u0105 przy ul. Olszewskiego 1, 32-600 O\u015bwi\u0119cim; 2) za po\u015brednictwem poczty elektronicznej: sekretariat.mdk@powiat.oswiecim.pl; 3) telefonicznie: \u00a033 [&hellip;]\" \/>\n<meta property=\"og:url\" content=\"https:\/\/mdkoswiecim.pl\/index.php\/rodo\/przetwarzanie-danych-osobowych\/\" \/>\n<meta property=\"og:site_name\" content=\"MDK\" \/>\n<meta name=\"twitter:card\" content=\"summary_large_image\" \/>\n<meta name=\"twitter:label1\" content=\"Szacowany czas czytania\">\n\t<meta name=\"twitter:data1\" content=\"1 minuta\">\n<script type=\"application\/ld+json\" class=\"yoast-schema-graph\">{\"@context\":\"https:\/\/schema.org\",\"@graph\":[{\"@type\":\"WebSite\",\"@id\":\"https:\/\/mdkoswiecim.pl\/#website\",\"url\":\"https:\/\/mdkoswiecim.pl\/\",\"name\":\"MDK\",\"description\":\"M\\u0142odzie\\u017cowy Dom Kultury w O\\u015bwi\\u0119cimiu\",\"potentialAction\":[{\"@type\":\"SearchAction\",\"target\":\"https:\/\/mdkoswiecim.pl\/?s={search_term_string}\",\"query-input\":\"required name=search_term_string\"}],\"inLanguage\":\"pl-PL\"},{\"@type\":\"WebPage\",\"@id\":\"https:\/\/mdkoswiecim.pl\/index.php\/rodo\/przetwarzanie-danych-osobowych\/#webpage\",\"url\":\"https:\/\/mdkoswiecim.pl\/index.php\/rodo\/przetwarzanie-danych-osobowych\/\",\"name\":\"Przetwarzanie Danych Osobowych - MDK\",\"isPartOf\":{\"@id\":\"https:\/\/mdkoswiecim.pl\/#website\"},\"datePublished\":\"2021-02-03T17:24:26+00:00\",\"dateModified\":\"2021-02-03T17:24:26+00:00\",\"breadcrumb\":{\"@id\":\"https:\/\/mdkoswiecim.pl\/index.php\/rodo\/przetwarzanie-danych-osobowych\/#breadcrumb\"},\"inLanguage\":\"pl-PL\",\"potentialAction\":[{\"@type\":\"ReadAction\",\"target\":[\"https:\/\/mdkoswiecim.pl\/index.php\/rodo\/przetwarzanie-danych-osobowych\/\"]}]},{\"@type\":\"BreadcrumbList\",\"@id\":\"https:\/\/mdkoswiecim.pl\/index.php\/rodo\/przetwarzanie-danych-osobowych\/#breadcrumb\",\"itemListElement\":[{\"@type\":\"ListItem\",\"position\":1,\"item\":{\"@type\":\"WebPage\",\"@id\":\"https:\/\/mdkoswiecim.pl\/\",\"url\":\"https:\/\/mdkoswiecim.pl\/\",\"name\":\"Strona g\\u0142\\u00f3wna\"}},{\"@type\":\"ListItem\",\"position\":2,\"item\":{\"@type\":\"WebPage\",\"@id\":\"https:\/\/mdkoswiecim.pl\/index.php\/rodo\/\",\"url\":\"https:\/\/mdkoswiecim.pl\/index.php\/rodo\/\",\"name\":\"RODO\"}},{\"@type\":\"ListItem\",\"position\":3,\"item\":{\"@type\":\"WebPage\",\"@id\":\"https:\/\/mdkoswiecim.pl\/index.php\/rodo\/przetwarzanie-danych-osobowych\/\",\"url\":\"https:\/\/mdkoswiecim.pl\/index.php\/rodo\/przetwarzanie-danych-osobowych\/\",\"name\":\"Przetwarzanie Danych Osobowych\"}}]}]}<\/script>\n<!-- \/ Yoast SEO plugin. -->","_links":{"self":[{"href":"https:\/\/mdkoswiecim.pl\/index.php\/wp-json\/wp\/v2\/pages\/3097","targetHints":{"allow":["GET"]}}],"collection":[{"href":"https:\/\/mdkoswiecim.pl\/index.php\/wp-json\/wp\/v2\/pages"}],"about":[{"href":"https:\/\/mdkoswiecim.pl\/index.php\/wp-json\/wp\/v2\/types\/page"}],"author":[{"embeddable":true,"href":"https:\/\/mdkoswiecim.pl\/index.php\/wp-json\/wp\/v2\/users\/1"}],"replies":[{"embeddable":true,"href":"https:\/\/mdkoswiecim.pl\/index.php\/wp-json\/wp\/v2\/comments?post=3097"}],"version-history":[{"count":1,"href":"https:\/\/mdkoswiecim.pl\/index.php\/wp-json\/wp\/v2\/pages\/3097\/revisions"}],"predecessor-version":[{"id":3098,"href":"https:\/\/mdkoswiecim.pl\/index.php\/wp-json\/wp\/v2\/pages\/3097\/revisions\/3098"}],"up":[{"embeddable":true,"href":"https:\/\/mdkoswiecim.pl\/index.php\/wp-json\/wp\/v2\/pages\/3077"}],"wp:attachment":[{"href":"https:\/\/mdkoswiecim.pl\/index.php\/wp-json\/wp\/v2\/media?parent=3097"}],"curies":[{"name":"wp","href":"https:\/\/api.w.org\/{rel}","templated":true}]}}