{"id":2373,"date":"2021-02-26T15:49:24","date_gmt":"2021-02-26T14:49:24","guid":{"rendered":"https:\/\/smartyschool.stylemixthemes.com\/es\/contact-us\/"},"modified":"2021-04-07T20:24:22","modified_gmt":"2021-04-07T18:24:22","slug":"kontakt","status":"publish","type":"page","link":"https:\/\/mdkoswiecim.pl\/index.php\/kontakt\/","title":{"rendered":"Kontakt"},"content":{"rendered":"<p>[vc_row][vc_column css=&#8221;.vc_custom_1472454447703{margin-top: 18px !important;}&#8221;][stm_title title_tag=&#8221;div&#8221; title_color=&#8221;custom&#8221; page_title_enable=&#8221;true&#8221; title_color_custom=&#8221;#000000&#8243; title_font_size=&#8221;36px&#8221; title_line_height=&#8221;54px&#8221; title_margin_b=&#8221;35px&#8221;][\/stm_title][vc_column_text]<\/p>\n<p style=\"text-align: center;\"><span style=\"font-size: 36pt;\"><strong>M\u0142odzie\u017cowy Dom Kultury w O\u015bwi\u0119cimiu<\/strong><\/span><\/p>\n<p>[\/vc_column_text][vc_row_inner][vc_column_inner][vc_raw_html]JTNDaWZyYW1lJTIwc3JjJTNEJTIyaHR0cHMlM0ElMkYlMkZ3d3cuZ29vZ2xlLmNvbSUyRm1hcHMlMkZlbWJlZCUzRnBiJTNEJTIxMW0xOCUyMTFtMTIlMjExbTMlMjExZDY0MC43MjM4MTE3NzcwODU0JTIxMmQxOS4yMzM4MDEyMjkyNjM0OCUyMTNkNTAuMDMyMDU4NjYwMTg0MjYlMjEybTMlMjExZjAlMjEyZjAlMjEzZjAlMjEzbTIlMjExaTEwMjQlMjEyaTc2OCUyMTRmMTMuMSUyMTNtMyUyMTFtMiUyMTFzMHg0NzE2OTUwYTJjOTc4ZDc1JTI1M0EweDhjMWM3YzQyMjBhNjY4YzMlMjEyc00lMjVDNSUyNTgyb2R6aWUlMjVDNSUyNUJDb3d5JTI1MjBEb20lMjUyMEt1bHR1cnklMjE1ZTAlMjEzbTIlMjExc3BsJTIxMnNwbCUyMTR2MTYxMjM2OTA2MjU4MSUyMTVtMiUyMTFzcGwlMjEyc3BsJTIyJTIwd2lkdGglM0QlMjIxMTAwJTIyJTIwaGVpZ2h0JTNEJTIyMzUwJTIyJTIwZnJhbWVib3JkZXIlM0QlMjIwJTIyJTIwc3R5bGUlM0QlMjJib3JkZXIlM0EwJTNCJTIyJTIwYWxsb3dmdWxsc2NyZWVuJTNEJTIyJTIyJTIwYXJpYS1oaWRkZW4lM0QlMjJmYWxzZSUyMiUyMHRhYmluZGV4JTNEJTIyMCUyMiUzRSUzQyUyRmlmcmFtZSUzRQ==[\/vc_raw_html][\/vc_column_inner][\/vc_row_inner][\/vc_column][\/vc_row][vc_row css=&#8221;.vc_custom_1472454578627{margin-bottom: 100px !important;}&#8221;][vc_column width=&#8221;1\/6&#8243; offset=&#8221;vc_col-lg-4 vc_col-md-4 vc_col-xs-12&#8243;][\/vc_column][vc_column width=&#8221;2\/3&#8243;][stm_contact_details address=&#8221;ul. Olszewskiego 1, 32-602 O\u015bwi\u0119cim&#8221; tel=&#8221;tel. 33\/842-42-64&#8243; fax=&#8221;fax 33\/842-42-64&#8243; email=&#8221;sekretariat.mdk@powiat.oswiecim.pl&#8221; work_schedule=&#8221;pon. &#8211; pt. 9:00 &#8211; 17:00&#8243;][\/vc_column][\/vc_row][vc_row][vc_column][vc_column_text]<\/p>\n<p style=\"text-align: center;\"><span style=\"font-size: 36pt;\"><strong>M\u0142odzie\u017cowa Piwnica Artystyczna MDK<\/strong><\/span><\/p>\n<p>[\/vc_column_text][vc_raw_html]JTNDaWZyYW1lJTIwc3JjJTNEJTIyaHR0cHMlM0ElMkYlMkZ3d3cuZ29vZ2xlLmNvbSUyRm1hcHMlMkZlbWJlZCUzRnBiJTNEJTIxMW0xOCUyMTFtMTIlMjExbTMlMjExZDI1NjMuMTA1MzYxNTk0NDU4NCUyMTJkMTkuMjQyOTAxNTE1ODg0NTklMjEzZDUwLjAyODEyMTUyNTU4NTgyJTIxMm0zJTIxMWYwJTIxMmYwJTIxM2YwJTIxM20yJTIxMWkxMDI0JTIxMmk3NjglMjE0ZjEzLjElMjEzbTMlMjExbTIlMjExczB4NDcxNjk1Y2FmMWZhNWNlZCUyNTNBMHg2NTQxYjc3YmExZWM1ZDg1JTIxMnNNJTI1QzUlMjU4Mm9kemllJTI1QzUlMjVCQ293YSUyNTIwUGl3bmljYSUyNTIwQXJ0eXN0eWN6bmElMjUyME1ESyUyMTVlMCUyMTNtMiUyMTFzcGwlMjEyc3BsJTIxNHYxNjEzMDcxMzQ4MDgxJTIxNW0yJTIxMXNwbCUyMTJzcGwlMjIlMjB3aWR0aCUzRCUyMjExMDAlMjIlMjBoZWlnaHQlM0QlMjIzNTAlMjIlMjBmcmFtZWJvcmRlciUzRCUyMjAlMjIlMjBzdHlsZSUzRCUyMmJvcmRlciUzQTAlM0IlMjIlMjBhbGxvd2Z1bGxzY3JlZW4lM0QlMjIlMjIlMjBhcmlhLWhpZGRlbiUzRCUyMmZhbHNlJTIyJTIwdGFiaW5kZXglM0QlMjIwJTIyJTNFJTNDJTJGaWZyYW1lJTNF[\/vc_raw_html][\/vc_column][\/vc_row][vc_row full_width=&#8221;stretch_row&#8221; css=&#8221;.vc_custom_1569216073429{background-color: #0c51ff !important;}&#8221;][vc_column css=&#8221;.vc_custom_1472454651041{padding-top: 0px !important;}&#8221;][stm_call_to_action btn_link=&#8221;url:http%3A%2F%2Fwww.mdkoswiecim.pl&#8221; img_id=&#8221;3056&#8243; title=&#8221;M\u0142odzie\u017cowy Dom Kultury w O\u015bwi\u0119cimiu&#8221; btn_link_text=&#8221;Strona g\u0142\u00f3wna&#8221;][\/stm_call_to_action][\/vc_column][\/vc_row]<\/p>\n","protected":false},"excerpt":{"rendered":"<p>[vc_row][vc_column css=&#8221;.vc_custom_1472454447703{margin-top: 18px !important;}&#8221;][stm_title title_tag=&#8221;div&#8221; title_color=&#8221;custom&#8221; page_title_enable=&#8221;true&#8221; title_color_custom=&#8221;#000000&#8243; title_font_size=&#8221;36px&#8221; title_line_height=&#8221;54px&#8221; title_margin_b=&#8221;35px&#8221;][\/stm_title][vc_column_text] M\u0142odzie\u017cowy Dom Kultury w O\u015bwi\u0119cimiu [\/vc_column_text][vc_row_inner][vc_column_inner][vc_raw_html]JTNDaWZyYW1lJTIwc3JjJTNEJTIyaHR0cHMlM0ElMkYlMkZ3d3cuZ29vZ2xlLmNvbSUyRm1hcHMlMkZlbWJlZCUzRnBiJTNEJTIxMW0xOCUyMTFtMTIlMjExbTMlMjExZDY0MC43MjM4MTE3NzcwODU0JTIxMmQxOS4yMzM4MDEyMjkyNjM0OCUyMTNkNTAuMDMyMDU4NjYwMTg0MjYlMjEybTMlMjExZjAlMjEyZjAlMjEzZjAlMjEzbTIlMjExaTEwMjQlMjEyaTc2OCUyMTRmMTMuMSUyMTNtMyUyMTFtMiUyMTFzMHg0NzE2OTUwYTJjOTc4ZDc1JTI1M0EweDhjMWM3YzQyMjBhNjY4YzMlMjEyc00lMjVDNSUyNTgyb2R6aWUlMjVDNSUyNUJDb3d5JTI1MjBEb20lMjUyMEt1bHR1cnklMjE1ZTAlMjEzbTIlMjExc3BsJTIxMnNwbCUyMTR2MTYxMjM2OTA2MjU4MSUyMTVtMiUyMTFzcGwlMjEyc3BsJTIyJTIwd2lkdGglM0QlMjIxMTAwJTIyJTIwaGVpZ2h0JTNEJTIyMzUwJTIyJTIwZnJhbWVib3JkZXIlM0QlMjIwJTIyJTIwc3R5bGUlM0QlMjJib3JkZXIlM0EwJTNCJTIyJTIwYWxsb3dmdWxsc2NyZWVuJTNEJTIyJTIyJTIwYXJpYS1oaWRkZW4lM0QlMjJmYWxzZSUyMiUyMHRhYmluZGV4JTNEJTIyMCUyMiUzRSUzQyUyRmlmcmFtZSUzRQ==[\/vc_raw_html][\/vc_column_inner][\/vc_row_inner][\/vc_column][\/vc_row][vc_row css=&#8221;.vc_custom_1472454578627{margin-bottom: 100px !important;}&#8221;][vc_column width=&#8221;1\/6&#8243; offset=&#8221;vc_col-lg-4 vc_col-md-4 vc_col-xs-12&#8243;][\/vc_column][vc_column width=&#8221;2\/3&#8243;][stm_contact_details address=&#8221;ul. Olszewskiego 1, 32-602 O\u015bwi\u0119cim&#8221; tel=&#8221;tel. 33\/842-42-64&#8243; fax=&#8221;fax 33\/842-42-64&#8243; email=&#8221;sekretariat.mdk@powiat.oswiecim.pl&#8221; work_schedule=&#8221;pon. &#8211; pt. 9:00 &#8211; 17:00&#8243;][\/vc_column][\/vc_row][vc_row][vc_column][vc_column_text] M\u0142odzie\u017cowa Piwnica Artystyczna MDK [\/vc_column_text][vc_raw_html]JTNDaWZyYW1lJTIwc3JjJTNEJTIyaHR0cHMlM0ElMkYlMkZ3d3cuZ29vZ2xlLmNvbSUyRm1hcHMlMkZlbWJlZCUzRnBiJTNEJTIxMW0xOCUyMTFtMTIlMjExbTMlMjExZDI1NjMuMTA1MzYxNTk0NDU4NCUyMTJkMTkuMjQyOTAxNTE1ODg0NTklMjEzZDUwLjAyODEyMTUyNTU4NTgyJTIxMm0zJTIxMWYwJTIxMmYwJTIxM2YwJTIxM20yJTIxMWkxMDI0JTIxMmk3NjglMjE0ZjEzLjElMjEzbTMlMjExbTIlMjExczB4NDcxNjk1Y2FmMWZhNWNlZCUyNTNBMHg2NTQxYjc3YmExZWM1ZDg1JTIxMnNNJTI1QzUlMjU4Mm9kemllJTI1QzUlMjVCQ293YSUyNTIwUGl3bmljYSUyNTIwQXJ0eXN0eWN6bmElMjUyME1ESyUyMTVlMCUyMTNtMiUyMTFzcGwlMjEyc3BsJTIxNHYxNjEzMDcxMzQ4MDgxJTIxNW0yJTIxMXNwbCUyMTJzcGwlMjIlMjB3aWR0aCUzRCUyMjExMDAlMjIlMjBoZWlnaHQlM0QlMjIzNTAlMjIlMjBmcmFtZWJvcmRlciUzRCUyMjAlMjIlMjBzdHlsZSUzRCUyMmJvcmRlciUzQTAlM0IlMjIlMjBhbGxvd2Z1bGxzY3JlZW4lM0QlMjIlMjIlMjBhcmlhLWhpZGRlbiUzRCUyMmZhbHNlJTIyJTIwdGFiaW5kZXglM0QlMjIwJTIyJTNFJTNDJTJGaWZyYW1lJTNF[\/vc_raw_html][\/vc_column][\/vc_row][vc_row full_width=&#8221;stretch_row&#8221; css=&#8221;.vc_custom_1569216073429{background-color: #0c51ff !important;}&#8221;][vc_column css=&#8221;.vc_custom_1472454651041{padding-top: 0px !important;}&#8221;][stm_call_to_action btn_link=&#8221;url:http%3A%2F%2Fwww.mdkoswiecim.pl&#8221; img_id=&#8221;3056&#8243; [&hellip;]<\/p>\n","protected":false},"author":1,"featured_media":0,"parent":0,"menu_order":7,"comment_status":"closed","ping_status":"closed","template":"","meta":{"footnotes":""},"class_list":["post-2373","page","type-page","status-publish","hentry"],"yoast_head":"<!-- This site is optimized with the Yoast SEO plugin v16.1.1 - https:\/\/yoast.com\/wordpress\/plugins\/seo\/ -->\n<title>Kontakt - MDK<\/title>\n<link rel=\"canonical\" href=\"https:\/\/mdkoswiecim.pl\/index.php\/kontakt\/\" \/>\n<meta property=\"og:locale\" content=\"pl_PL\" \/>\n<meta property=\"og:type\" content=\"article\" \/>\n<meta property=\"og:title\" content=\"Kontakt - MDK\" \/>\n<meta property=\"og:description\" content=\"[vc_row][vc_column css=&#8221;.vc_custom_1472454447703{margin-top: 18px !important;}&#8221;][stm_title title_tag=&#8221;div&#8221; title_color=&#8221;custom&#8221; page_title_enable=&#8221;true&#8221; title_color_custom=&#8221;#000000&#8243; title_font_size=&#8221;36px&#8221; title_line_height=&#8221;54px&#8221; title_margin_b=&#8221;35px&#8221;][\/stm_title][vc_column_text] M\u0142odzie\u017cowy Dom Kultury w O\u015bwi\u0119cimiu [\/vc_column_text][vc_row_inner][vc_column_inner][vc_raw_html]JTNDaWZyYW1lJTIwc3JjJTNEJTIyaHR0cHMlM0ElMkYlMkZ3d3cuZ29vZ2xlLmNvbSUyRm1hcHMlMkZlbWJlZCUzRnBiJTNEJTIxMW0xOCUyMTFtMTIlMjExbTMlMjExZDY0MC43MjM4MTE3NzcwODU0JTIxMmQxOS4yMzM4MDEyMjkyNjM0OCUyMTNkNTAuMDMyMDU4NjYwMTg0MjYlMjEybTMlMjExZjAlMjEyZjAlMjEzZjAlMjEzbTIlMjExaTEwMjQlMjEyaTc2OCUyMTRmMTMuMSUyMTNtMyUyMTFtMiUyMTFzMHg0NzE2OTUwYTJjOTc4ZDc1JTI1M0EweDhjMWM3YzQyMjBhNjY4YzMlMjEyc00lMjVDNSUyNTgyb2R6aWUlMjVDNSUyNUJDb3d5JTI1MjBEb20lMjUyMEt1bHR1cnklMjE1ZTAlMjEzbTIlMjExc3BsJTIxMnNwbCUyMTR2MTYxMjM2OTA2MjU4MSUyMTVtMiUyMTFzcGwlMjEyc3BsJTIyJTIwd2lkdGglM0QlMjIxMTAwJTIyJTIwaGVpZ2h0JTNEJTIyMzUwJTIyJTIwZnJhbWVib3JkZXIlM0QlMjIwJTIyJTIwc3R5bGUlM0QlMjJib3JkZXIlM0EwJTNCJTIyJTIwYWxsb3dmdWxsc2NyZWVuJTNEJTIyJTIyJTIwYXJpYS1oaWRkZW4lM0QlMjJmYWxzZSUyMiUyMHRhYmluZGV4JTNEJTIyMCUyMiUzRSUzQyUyRmlmcmFtZSUzRQ==[\/vc_raw_html][\/vc_column_inner][\/vc_row_inner][\/vc_column][\/vc_row][vc_row css=&#8221;.vc_custom_1472454578627{margin-bottom: 100px !important;}&#8221;][vc_column width=&#8221;1\/6&#8243; offset=&#8221;vc_col-lg-4 vc_col-md-4 vc_col-xs-12&#8243;][\/vc_column][vc_column width=&#8221;2\/3&#8243;][stm_contact_details address=&#8221;ul. Olszewskiego 1, 32-602 O\u015bwi\u0119cim&#8221; tel=&#8221;tel. 33\/842-42-64&#8243; fax=&#8221;fax 33\/842-42-64&#8243; email=&#8221;sekretariat.mdk@powiat.oswiecim.pl&#8221; work_schedule=&#8221;pon. &#8211; pt. 9:00 &#8211; 17:00&#8243;][\/vc_column][\/vc_row][vc_row][vc_column][vc_column_text] M\u0142odzie\u017cowa Piwnica Artystyczna MDK [\/vc_column_text][vc_raw_html]JTNDaWZyYW1lJTIwc3JjJTNEJTIyaHR0cHMlM0ElMkYlMkZ3d3cuZ29vZ2xlLmNvbSUyRm1hcHMlMkZlbWJlZCUzRnBiJTNEJTIxMW0xOCUyMTFtMTIlMjExbTMlMjExZDI1NjMuMTA1MzYxNTk0NDU4NCUyMTJkMTkuMjQyOTAxNTE1ODg0NTklMjEzZDUwLjAyODEyMTUyNTU4NTgyJTIxMm0zJTIxMWYwJTIxMmYwJTIxM2YwJTIxM20yJTIxMWkxMDI0JTIxMmk3NjglMjE0ZjEzLjElMjEzbTMlMjExbTIlMjExczB4NDcxNjk1Y2FmMWZhNWNlZCUyNTNBMHg2NTQxYjc3YmExZWM1ZDg1JTIxMnNNJTI1QzUlMjU4Mm9kemllJTI1QzUlMjVCQ293YSUyNTIwUGl3bmljYSUyNTIwQXJ0eXN0eWN6bmElMjUyME1ESyUyMTVlMCUyMTNtMiUyMTFzcGwlMjEyc3BsJTIxNHYxNjEzMDcxMzQ4MDgxJTIxNW0yJTIxMXNwbCUyMTJzcGwlMjIlMjB3aWR0aCUzRCUyMjExMDAlMjIlMjBoZWlnaHQlM0QlMjIzNTAlMjIlMjBmcmFtZWJvcmRlciUzRCUyMjAlMjIlMjBzdHlsZSUzRCUyMmJvcmRlciUzQTAlM0IlMjIlMjBhbGxvd2Z1bGxzY3JlZW4lM0QlMjIlMjIlMjBhcmlhLWhpZGRlbiUzRCUyMmZhbHNlJTIyJTIwdGFiaW5kZXglM0QlMjIwJTIyJTNFJTNDJTJGaWZyYW1lJTNF[\/vc_raw_html][\/vc_column][\/vc_row][vc_row full_width=&#8221;stretch_row&#8221; css=&#8221;.vc_custom_1569216073429{background-color: #0c51ff !important;}&#8221;][vc_column css=&#8221;.vc_custom_1472454651041{padding-top: 0px !important;}&#8221;][stm_call_to_action btn_link=&#8221;url:http%3A%2F%2Fwww.mdkoswiecim.pl&#8221; img_id=&#8221;3056&#8243; [&hellip;]\" \/>\n<meta property=\"og:url\" content=\"https:\/\/mdkoswiecim.pl\/index.php\/kontakt\/\" \/>\n<meta property=\"og:site_name\" content=\"MDK\" \/>\n<meta property=\"article:modified_time\" content=\"2021-04-07T18:24:22+00:00\" \/>\n<meta name=\"twitter:card\" content=\"summary_large_image\" \/>\n<meta name=\"twitter:label1\" content=\"Szacowany czas czytania\">\n\t<meta name=\"twitter:data1\" content=\"2 minuty\">\n<script type=\"application\/ld+json\" class=\"yoast-schema-graph\">{\"@context\":\"https:\/\/schema.org\",\"@graph\":[{\"@type\":\"WebSite\",\"@id\":\"https:\/\/mdkoswiecim.pl\/#website\",\"url\":\"https:\/\/mdkoswiecim.pl\/\",\"name\":\"MDK\",\"description\":\"M\\u0142odzie\\u017cowy Dom Kultury w O\\u015bwi\\u0119cimiu\",\"potentialAction\":[{\"@type\":\"SearchAction\",\"target\":\"https:\/\/mdkoswiecim.pl\/?s={search_term_string}\",\"query-input\":\"required name=search_term_string\"}],\"inLanguage\":\"pl-PL\"},{\"@type\":\"WebPage\",\"@id\":\"https:\/\/mdkoswiecim.pl\/index.php\/kontakt\/#webpage\",\"url\":\"https:\/\/mdkoswiecim.pl\/index.php\/kontakt\/\",\"name\":\"Kontakt - MDK\",\"isPartOf\":{\"@id\":\"https:\/\/mdkoswiecim.pl\/#website\"},\"datePublished\":\"2021-02-26T14:49:24+00:00\",\"dateModified\":\"2021-04-07T18:24:22+00:00\",\"breadcrumb\":{\"@id\":\"https:\/\/mdkoswiecim.pl\/index.php\/kontakt\/#breadcrumb\"},\"inLanguage\":\"pl-PL\",\"potentialAction\":[{\"@type\":\"ReadAction\",\"target\":[\"https:\/\/mdkoswiecim.pl\/index.php\/kontakt\/\"]}]},{\"@type\":\"BreadcrumbList\",\"@id\":\"https:\/\/mdkoswiecim.pl\/index.php\/kontakt\/#breadcrumb\",\"itemListElement\":[{\"@type\":\"ListItem\",\"position\":1,\"item\":{\"@type\":\"WebPage\",\"@id\":\"https:\/\/mdkoswiecim.pl\/\",\"url\":\"https:\/\/mdkoswiecim.pl\/\",\"name\":\"Strona g\\u0142\\u00f3wna\"}},{\"@type\":\"ListItem\",\"position\":2,\"item\":{\"@type\":\"WebPage\",\"@id\":\"https:\/\/mdkoswiecim.pl\/index.php\/kontakt\/\",\"url\":\"https:\/\/mdkoswiecim.pl\/index.php\/kontakt\/\",\"name\":\"Kontakt\"}}]}]}<\/script>\n<!-- \/ Yoast SEO plugin. -->","_links":{"self":[{"href":"https:\/\/mdkoswiecim.pl\/index.php\/wp-json\/wp\/v2\/pages\/2373","targetHints":{"allow":["GET"]}}],"collection":[{"href":"https:\/\/mdkoswiecim.pl\/index.php\/wp-json\/wp\/v2\/pages"}],"about":[{"href":"https:\/\/mdkoswiecim.pl\/index.php\/wp-json\/wp\/v2\/types\/page"}],"author":[{"embeddable":true,"href":"https:\/\/mdkoswiecim.pl\/index.php\/wp-json\/wp\/v2\/users\/1"}],"replies":[{"embeddable":true,"href":"https:\/\/mdkoswiecim.pl\/index.php\/wp-json\/wp\/v2\/comments?post=2373"}],"version-history":[{"count":20,"href":"https:\/\/mdkoswiecim.pl\/index.php\/wp-json\/wp\/v2\/pages\/2373\/revisions"}],"predecessor-version":[{"id":13649,"href":"https:\/\/mdkoswiecim.pl\/index.php\/wp-json\/wp\/v2\/pages\/2373\/revisions\/13649"}],"wp:attachment":[{"href":"https:\/\/mdkoswiecim.pl\/index.php\/wp-json\/wp\/v2\/media?parent=2373"}],"curies":[{"name":"wp","href":"https:\/\/api.w.org\/{rel}","templated":true}]}}