{"version":"1.0","provider_name":"MDK","provider_url":"https:\/\/mdkoswiecim.pl","author_name":"janusz.majcherek","author_url":"https:\/\/mdkoswiecim.pl\/index.php\/author\/mdk-jm\/","title":"KREATYWNI w \"Konarze\". - MDK","type":"rich","width":600,"height":338,"html":"<blockquote class=\"wp-embedded-content\" data-secret=\"iAnytMOvZQ\"><a href=\"https:\/\/mdkoswiecim.pl\/index.php\/2024\/02\/12\/kreatywni-w-konarze-2\/\">KREATYWNI w &#8220;Konarze&#8221;.<\/a><\/blockquote><iframe sandbox=\"allow-scripts\" security=\"restricted\" src=\"https:\/\/mdkoswiecim.pl\/index.php\/2024\/02\/12\/kreatywni-w-konarze-2\/embed\/#?secret=iAnytMOvZQ\" width=\"600\" height=\"338\" title=\"&#8222;KREATYWNI w &#8220;Konarze&#8221;.&#8221; &#8212; MDK\" data-secret=\"iAnytMOvZQ\" frameborder=\"0\" marginwidth=\"0\" marginheight=\"0\" scrolling=\"no\" class=\"wp-embedded-content\"><\/iframe><script type=\"text\/javascript\">\n\/* <![CDATA[ *\/\n\/*! This file is auto-generated *\/\n!function(d,l){\"use strict\";l.querySelector&&d.addEventListener&&\"undefined\"!=typeof URL&&(d.wp=d.wp||{},d.wp.receiveEmbedMessage||(d.wp.receiveEmbedMessage=function(e){var t=e.data;if((t||t.secret||t.message||t.value)&&!\/[^a-zA-Z0-9]\/.test(t.secret)){for(var s,r,n,a=l.querySelectorAll('iframe[data-secret=\"'+t.secret+'\"]'),o=l.querySelectorAll('blockquote[data-secret=\"'+t.secret+'\"]'),c=new RegExp(\"^https?:$\",\"i\"),i=0;i<o.length;i++)o[i].style.display=\"none\";for(i=0;i<a.length;i++)s=a[i],e.source===s.contentWindow&&(s.removeAttribute(\"style\"),\"height\"===t.message?(1e3<(r=parseInt(t.value,10))?r=1e3:~~r<200&&(r=200),s.height=r):\"link\"===t.message&&(r=new URL(s.getAttribute(\"src\")),n=new URL(t.value),c.test(n.protocol))&&n.host===r.host&&l.activeElement===s&&(d.top.location.href=t.value))}},d.addEventListener(\"message\",d.wp.receiveEmbedMessage,!1),l.addEventListener(\"DOMContentLoaded\",function(){for(var e,t,s=l.querySelectorAll(\"iframe.wp-embedded-content\"),r=0;r<s.length;r++)(t=(e=s[r]).getAttribute(\"data-secret\"))||(t=Math.random().toString(36).substring(2,12),e.src+=\"#?secret=\"+t,e.setAttribute(\"data-secret\",t)),e.contentWindow.postMessage({message:\"ready\",secret:t},\"*\")},!1)))}(window,document);\n\/\/# sourceURL=https:\/\/mdkoswiecim.pl\/wp-includes\/js\/wp-embed.min.js\n\/* ]]> *\/\n<\/script>\n","thumbnail_url":"https:\/\/mdkoswiecim.pl\/wp-content\/uploads\/2024\/02\/JMGzJZcG.jpg","thumbnail_width":1726,"thumbnail_height":1192,"description":"Czwartek 8 lutego by\u0142 kolejnym dniem przes\u0142ucha\u0144 w ramach Powiatowego Przegl\u0105du Artystycznego &#8220;KREATYWNI&#8221;. Tego dnia, komisja MDK w sk\u0142adzie Kamila Sibik, Ma\u0142gorzata Dom\u017ca\u0142, El\u017cbieta Wardza\u0142a-Sre\u015b i Janusz Majcherek, mia\u0142a okazj\u0119 obejrze\u0107 wyst\u0119py i prace plastyczne m\u0142odych artyst\u00f3w z PZ 1 w O\u015bwi\u0119cimiu. Na scenie us\u0142ysze\u0107 mo\u017cna by\u0142o mocne rockowe riffy w wykonaniu gitarzyst\u00f3w, a tak\u017ce [&hellip;]"}

Czwartek 8 lutego był kolejnym dniem przesłuchań w ramach Powiatowego Przeglądu Artystycznego &#8220;KREATYWNI&#8221;. Tego dnia, komisja MDK w składzie Kamila Sibik, Małgorzata Domżał, Elżbieta Wardzała-Sreś i Janusz Majcherek, miała okazję obejrzeć występy i prace plastyczne młodych artystów z PZ 1 w Oświęcimiu. Na scenie usłyszeć można było mocne rockowe riffy w wykonaniu gitarzystów, a także [&hellip;]
