{"version":"1.0","provider_name":"MDK","provider_url":"https:\/\/mdkoswiecim.pl","author_name":"janusz.majcherek","author_url":"https:\/\/mdkoswiecim.pl\/index.php\/author\/mdk-jm\/","title":"III Powiatowy Konkurs Kol\u0119d i Pastora\u0142ek za nami. - MDK","type":"rich","width":600,"height":338,"html":"<blockquote class=\"wp-embedded-content\" data-secret=\"l1IPRcBhFY\"><a href=\"https:\/\/mdkoswiecim.pl\/index.php\/2023\/01\/10\/iii-powiatowy-konkurs-koled-i-pastoralek-za-nami\/\">III Powiatowy Konkurs Kol\u0119d i Pastora\u0142ek za nami.<\/a><\/blockquote><iframe sandbox=\"allow-scripts\" security=\"restricted\" src=\"https:\/\/mdkoswiecim.pl\/index.php\/2023\/01\/10\/iii-powiatowy-konkurs-koled-i-pastoralek-za-nami\/embed\/#?secret=l1IPRcBhFY\" width=\"600\" height=\"338\" title=\"&#8222;III Powiatowy Konkurs Kol\u0119d i Pastora\u0142ek za nami.&#8221; &#8212; MDK\" data-secret=\"l1IPRcBhFY\" frameborder=\"0\" marginwidth=\"0\" marginheight=\"0\" scrolling=\"no\" class=\"wp-embedded-content\"><\/iframe><script type=\"text\/javascript\">\n\/* <![CDATA[ *\/\n\/*! This file is auto-generated *\/\n!function(d,l){\"use strict\";l.querySelector&&d.addEventListener&&\"undefined\"!=typeof URL&&(d.wp=d.wp||{},d.wp.receiveEmbedMessage||(d.wp.receiveEmbedMessage=function(e){var t=e.data;if((t||t.secret||t.message||t.value)&&!\/[^a-zA-Z0-9]\/.test(t.secret)){for(var s,r,n,a=l.querySelectorAll('iframe[data-secret=\"'+t.secret+'\"]'),o=l.querySelectorAll('blockquote[data-secret=\"'+t.secret+'\"]'),c=new RegExp(\"^https?:$\",\"i\"),i=0;i<o.length;i++)o[i].style.display=\"none\";for(i=0;i<a.length;i++)s=a[i],e.source===s.contentWindow&&(s.removeAttribute(\"style\"),\"height\"===t.message?(1e3<(r=parseInt(t.value,10))?r=1e3:~~r<200&&(r=200),s.height=r):\"link\"===t.message&&(r=new URL(s.getAttribute(\"src\")),n=new URL(t.value),c.test(n.protocol))&&n.host===r.host&&l.activeElement===s&&(d.top.location.href=t.value))}},d.addEventListener(\"message\",d.wp.receiveEmbedMessage,!1),l.addEventListener(\"DOMContentLoaded\",function(){for(var e,t,s=l.querySelectorAll(\"iframe.wp-embedded-content\"),r=0;r<s.length;r++)(t=(e=s[r]).getAttribute(\"data-secret\"))||(t=Math.random().toString(36).substring(2,12),e.src+=\"#?secret=\"+t,e.setAttribute(\"data-secret\",t)),e.contentWindow.postMessage({message:\"ready\",secret:t},\"*\")},!1)))}(window,document);\n\/\/# sourceURL=https:\/\/mdkoswiecim.pl\/wp-includes\/js\/wp-embed.min.js\n\/* ]]> *\/\n<\/script>\n","thumbnail_url":"https:\/\/mdkoswiecim.pl\/wp-content\/uploads\/2023\/01\/324349657_686077753150126_6999622375090671796_n-e1673352098773.jpg","thumbnail_width":1672,"thumbnail_height":1147,"description":"9 Stycznia w M\u0142odzie\u017cowej Piwnicy Artystycznej odby\u0142 si\u0119 III Powiatowy Konkurs Kol\u0119d i Pastora\u0142ek pod patronatem Starosty O\u015bwi\u0119cimskiego Andrzeja Skrzypi\u0144skiego. Ta edycja konkursu przekroczy\u0142a nasze oczekiwania pod k\u0105tem ilo\u015bci wykonawc\u00f3w, kt\u00f3rzy pojawili si\u0119 na scenie. Opr\u00f3cz solist\u00f3w, mo\u017cna by\u0142o us\u0142ysze\u0107 zespo\u0142y wokalne, niekt\u00f3re licz\u0105ce nawet po kilkadziesi\u0105t os\u00f3b. Na pocz\u0105tku wszystkich go\u015bci powita\u0142a Dyrektor MDK [&hellip;]"}

III Powiatowy Konkurs Kolęd i Pastorałek za nami. - MDK

<blockquote class="wp-embedded-content" data-secret="l1IPRcBhFY"><a href="https://mdkoswiecim.pl/index.php/2023/01/10/iii-powiatowy-konkurs-koled-i-pastoralek-za-nami/">III Powiatowy Konkurs Kolęd i Pastorałek za nami.</a></blockquote><iframe sandbox="allow-scripts" security="restricted" src="https://mdkoswiecim.pl/index.php/2023/01/10/iii-powiatowy-konkurs-koled-i-pastoralek-za-nami/embed/#?secret=l1IPRcBhFY" width="600" height="338" title="&#8222;III Powiatowy Konkurs Kolęd i Pastorałek za nami.&#8221; &#8212; MDK" data-secret="l1IPRcBhFY" frameborder="0" marginwidth="0" marginheight="0" scrolling="no" class="wp-embedded-content"></iframe><script type="text/javascript">
/* <![CDATA[ */
/*! This file is auto-generated */
!function(d,l){"use strict";l.querySelector&&d.addEventListener&&"undefined"!=typeof URL&&(d.wp=d.wp||{},d.wp.receiveEmbedMessage||(d.wp.receiveEmbedMessage=function(e){var t=e.data;if((t||t.secret||t.message||t.value)&&!/[^a-zA-Z0-9]/.test(t.secret)){for(var s,r,n,a=l.querySelectorAll('iframe[data-secret="'+t.secret+'"]'),o=l.querySelectorAll('blockquote[data-secret="'+t.secret+'"]'),c=new RegExp("^https?:$","i"),i=0;i<o.length;i++)o[i].style.display="none";for(i=0;i<a.length;i++)s=a[i],e.source===s.contentWindow&&(s.removeAttribute("style"),"height"===t.message?(1e3<(r=parseInt(t.value,10))?r=1e3:~~r<200&&(r=200),s.height=r):"link"===t.message&&(r=new URL(s.getAttribute("src")),n=new URL(t.value),c.test(n.protocol))&&n.host===r.host&&l.activeElement===s&&(d.top.location.href=t.value))}},d.addEventListener("message",d.wp.receiveEmbedMessage,!1),l.addEventListener("DOMContentLoaded",function(){for(var e,t,s=l.querySelectorAll("iframe.wp-embedded-content"),r=0;r<s.length;r++)(t=(e=s[r]).getAttribute("data-secret"))||(t=Math.random().toString(36).substring(2,12),e.src+="#?secret="+t,e.setAttribute("data-secret",t)),e.contentWindow.postMessage({message:"ready",secret:t},"*")},!1)))}(window,document);
//# sourceURL=https://mdkoswiecim.pl/wp-includes/js/wp-embed.min.js
/* ]]> */
</script>

9 Stycznia w Młodzieżowej Piwnicy Artystycznej odbył się III Powiatowy Konkurs Kolęd i Pastorałek pod patronatem Starosty Oświęcimskiego Andrzeja Skrzypińskiego. Ta edycja konkursu przekroczyła nasze oczekiwania pod kątem ilości wykonawców, którzy pojawili się na scenie. Oprócz solistów, można było usłyszeć zespoły wokalne, niektóre liczące nawet po kilkadziesiąt osób. Na początku wszystkich gości powitała Dyrektor MDK [&hellip;]
