{"version":"1.0","provider_name":"MDK","provider_url":"https:\/\/mdkoswiecim.pl","author_name":"administrator","author_url":"https:\/\/mdkoswiecim.pl\/index.php\/author\/administrator\/","title":"Wiecz\u00f3r Kol\u0119d - MDK","type":"rich","width":600,"height":338,"html":"<blockquote class=\"wp-embedded-content\" data-secret=\"mcTkMfSALb\"><a href=\"https:\/\/mdkoswiecim.pl\/index.php\/2021\/02\/04\/wieczor-koled\/\">Wiecz\u00f3r Kol\u0119d<\/a><\/blockquote><iframe sandbox=\"allow-scripts\" security=\"restricted\" src=\"https:\/\/mdkoswiecim.pl\/index.php\/2021\/02\/04\/wieczor-koled\/embed\/#?secret=mcTkMfSALb\" width=\"600\" height=\"338\" title=\"&#8222;Wiecz\u00f3r Kol\u0119d&#8221; &#8212; MDK\" data-secret=\"mcTkMfSALb\" frameborder=\"0\" marginwidth=\"0\" marginheight=\"0\" scrolling=\"no\" class=\"wp-embedded-content\"><\/iframe><script type=\"text\/javascript\">\n\/* <![CDATA[ *\/\n\/*! This file is auto-generated *\/\n!function(d,l){\"use strict\";l.querySelector&&d.addEventListener&&\"undefined\"!=typeof URL&&(d.wp=d.wp||{},d.wp.receiveEmbedMessage||(d.wp.receiveEmbedMessage=function(e){var t=e.data;if((t||t.secret||t.message||t.value)&&!\/[^a-zA-Z0-9]\/.test(t.secret)){for(var s,r,n,a=l.querySelectorAll('iframe[data-secret=\"'+t.secret+'\"]'),o=l.querySelectorAll('blockquote[data-secret=\"'+t.secret+'\"]'),c=new RegExp(\"^https?:$\",\"i\"),i=0;i<o.length;i++)o[i].style.display=\"none\";for(i=0;i<a.length;i++)s=a[i],e.source===s.contentWindow&&(s.removeAttribute(\"style\"),\"height\"===t.message?(1e3<(r=parseInt(t.value,10))?r=1e3:~~r<200&&(r=200),s.height=r):\"link\"===t.message&&(r=new URL(s.getAttribute(\"src\")),n=new URL(t.value),c.test(n.protocol))&&n.host===r.host&&l.activeElement===s&&(d.top.location.href=t.value))}},d.addEventListener(\"message\",d.wp.receiveEmbedMessage,!1),l.addEventListener(\"DOMContentLoaded\",function(){for(var e,t,s=l.querySelectorAll(\"iframe.wp-embedded-content\"),r=0;r<s.length;r++)(t=(e=s[r]).getAttribute(\"data-secret\"))||(t=Math.random().toString(36).substring(2,12),e.src+=\"#?secret=\"+t,e.setAttribute(\"data-secret\",t)),e.contentWindow.postMessage({message:\"ready\",secret:t},\"*\")},!1)))}(window,document);\n\/\/# sourceURL=https:\/\/mdkoswiecim.pl\/wp-includes\/js\/wp-embed.min.js\n\/* ]]> *\/\n<\/script>\n","thumbnail_url":"https:\/\/mdkoswiecim.pl\/wp-content\/uploads\/2021\/02\/IMG_9489-1024x683-1.jpg","thumbnail_width":1024,"thumbnail_height":683,"description":"[vc_row][vc_column][vc_column_text]W niedzielne popo\u0142udnie 24 stycznia 2021 r. w Ko\u015bciele Matki Boskiej Wspomo\u017cenia Wiernych odby\u0142 si\u0119 d\u0142ugo wyczekiwany koncert kol\u0119d i pastora\u0142ek w wykonaniu zespo\u0142u M\u0142odzie\u017cowego Domu Kultury w sk\u0142adzie: Zuzanna Bratek, Anna Walncik, Kamila Sibik i Janusz Majcherek. \u201eWiecz\u00f3r kol\u0119d\u201d przyci\u0105gn\u0105\u0142 spory t\u0142um widz\u00f3w. W\u015br\u00f3d \u015bwi\u0105tecznych utwor\u00f3w znalaz\u0142y si\u0119 takie \u201epere\u0142ki\u201d, jak \u201eJezusa narodzonego\u201d, \u201ePrzybie\u017celi [&hellip;]"}

Wieczór Kolęd - MDK

<blockquote class="wp-embedded-content" data-secret="mcTkMfSALb"><a href="https://mdkoswiecim.pl/index.php/2021/02/04/wieczor-koled/">Wieczór Kolęd</a></blockquote><iframe sandbox="allow-scripts" security="restricted" src="https://mdkoswiecim.pl/index.php/2021/02/04/wieczor-koled/embed/#?secret=mcTkMfSALb" width="600" height="338" title="&#8222;Wieczór Kolęd&#8221; &#8212; MDK" data-secret="mcTkMfSALb" frameborder="0" marginwidth="0" marginheight="0" scrolling="no" class="wp-embedded-content"></iframe><script type="text/javascript">
/* <![CDATA[ */
/*! This file is auto-generated */
!function(d,l){"use strict";l.querySelector&&d.addEventListener&&"undefined"!=typeof URL&&(d.wp=d.wp||{},d.wp.receiveEmbedMessage||(d.wp.receiveEmbedMessage=function(e){var t=e.data;if((t||t.secret||t.message||t.value)&&!/[^a-zA-Z0-9]/.test(t.secret)){for(var s,r,n,a=l.querySelectorAll('iframe[data-secret="'+t.secret+'"]'),o=l.querySelectorAll('blockquote[data-secret="'+t.secret+'"]'),c=new RegExp("^https?:$","i"),i=0;i<o.length;i++)o[i].style.display="none";for(i=0;i<a.length;i++)s=a[i],e.source===s.contentWindow&&(s.removeAttribute("style"),"height"===t.message?(1e3<(r=parseInt(t.value,10))?r=1e3:~~r<200&&(r=200),s.height=r):"link"===t.message&&(r=new URL(s.getAttribute("src")),n=new URL(t.value),c.test(n.protocol))&&n.host===r.host&&l.activeElement===s&&(d.top.location.href=t.value))}},d.addEventListener("message",d.wp.receiveEmbedMessage,!1),l.addEventListener("DOMContentLoaded",function(){for(var e,t,s=l.querySelectorAll("iframe.wp-embedded-content"),r=0;r<s.length;r++)(t=(e=s[r]).getAttribute("data-secret"))||(t=Math.random().toString(36).substring(2,12),e.src+="#?secret="+t,e.setAttribute("data-secret",t)),e.contentWindow.postMessage({message:"ready",secret:t},"*")},!1)))}(window,document);
//# sourceURL=https://mdkoswiecim.pl/wp-includes/js/wp-embed.min.js
/* ]]> */
</script>

[vc_row][vc_column][vc_column_text]W niedzielne popołudnie 24 stycznia 2021 r. w Kościele Matki Boskiej Wspomożenia Wiernych odbył się długo wyczekiwany koncert kolęd i pastorałek w wykonaniu zespołu Młodzieżowego Domu Kultury w składzie: Zuzanna Bratek, Anna Walncik, Kamila Sibik i Janusz Majcherek. „Wieczór kolęd” przyciągnął spory tłum widzów. Wśród świątecznych utworów znalazły się takie „perełki”, jak „Jezusa narodzonego”, „Przybieżeli [&hellip;]
